{"id":7896,"date":"2025-06-11T13:48:04","date_gmt":"2025-06-11T11:48:04","guid":{"rendered":"https:\/\/www.bakebidea.com\/?page_id=7896"},"modified":"2025-06-11T13:48:04","modified_gmt":"2025-06-11T11:48:04","slug":"forum-sur-le-chemin-dune-paix-juste-et-durable-2011-2025-bilan-et-etapes-a-venir","status":"publish","type":"page","link":"https:\/\/www.bakebidea.com\/?page_id=7896","title":{"rendered":"Forum \u00a0\u00bb Sur le chemin d&rsquo;une paix juste et durable. 2011-2025 Bilan et \u00e9tapes \u00e0 venir \u00ab\u00a0"},"content":{"rendered":"<p>Dernier forum de Bake Bidea eta des Artisans de la Paix, le 6 juin 2025, \u00e0 la Maison de la communaut\u00e9 d&rsquo;Agglom\u00e9ration Pays Basque \u00e0 Bayonne.<\/p>\n<p>Pour ce dernier forum de Bake Bidea <b>\u00ab Sur le chemin d\u2019une paix juste et durable. 2011-2025 Bilan et \u00e9tapes \u00e0 venir \u00bb, <\/b> la soci\u00e9t\u00e9 basque dans toute sa diversit\u00e9 a tenu \u00e0 \u00eatre pr\u00e9sente, et \u00e0 accompagner cette transmission. L\u2019assembl\u00e9e r\u00e9unie incarnait cette pluralit\u00e9 de la soci\u00e9t\u00e9 civile, mais aussi la pluralit\u00e9 des mouvements sociaux, syndicaux et politiques du Pays Basque.<\/p>\n<p>C\u2019est par un mot d\u2019accueil de sa pr\u00e9sidente Anaiz Funosas que cet ultime forum a d\u00e9but\u00e9\u00a0:<\/p>\n<p>\u00ab\u00a0Ce forum est <strong>un temps pour se rappeler<\/strong>, mais aussi <strong>pour passer le relais. <\/strong><strong>Un relais que l\u2019on passe<\/strong> <strong>\u00e0<\/strong> celles et ceux qui reprennent notre travail, \u00e0 toutes les consciences \u00e9veill\u00e9es\u00a0\u00bb.<\/p>\n<p>Et de rappeler,\u00ab\u00a0Depuis 2012, Bake Bidea a \u00e9t\u00e9 un espace de rencontre, de parole libre et de mobilisation. Ici, nous avons r\u00e9fl\u00e9chi, construit, agi. Ici, <strong>la soci\u00e9t\u00e9 civile s\u2019est lev\u00e9e pour que la paix devienne une r\u00e9alit\u00e9 concr\u00e8te<\/strong>, pas un simple mot.\u00a0\u00bb<\/p>\n<p>C\u2019est par une vid\u00e9o de V\u00e9ronique Dudouet (Fondation Berghof) abordant l<strong>es enseignements du processus de paix au Pays Basque, <\/strong><strong>que le forum s\u2019est poursuivi. Pour elle, ce processus de Paix au Pays Basque incarne le fait que \u00ab\u00a0l\u2019int\u00e9r\u00eat commun au service de la paix transcende les opinions personnels et les clivages personnels\u00a0\u00bb. Mais elle souligne que ce processus doit se poursuivre car \u00ab\u00a0le dialogue ne s\u2019arr\u00eate pas lorsque les armes se taisent\u00a0\u00bb. \u00ab\u00a0Le processus de paix men\u00e9 ici est devenu un mod\u00e8le \u00e0 \u00e9tudier, l\u2019approche basque par l\u2019unilat\u00e9ralit\u00e9 est aujourd\u2019hui \u00e9tudi\u00e9e jusqu\u2019au l\u2019ONU et pourrait aider \u00e0 la r\u00e9solution d\u2019autres conflits comme en Tha\u00eflande ou pour les Kurdes.\u00a0\u00bb <\/strong><\/p>\n<p><b><strong>M\u00e9moire, v\u00e9rit\u00e9 et reconnaissance des victimes. <\/strong><\/b><\/p>\n<p>Ensuite, analyse Jean-Pierre Massias (Professeur de droit public \u00e0 l\u2019Universit\u00e9 de Pau et des Pays de l\u2019Adour et Pr\u00e9sident de l\u2019IFJD \u2013 Institut Louis Joinet) a partag\u00e9 les enseignements qu\u2019il a tir\u00e9 de ce cycle et les enjeux de demain.<\/p>\n<p>Apres une analyse pr\u00e9cise et concise de ce processus de paix, de ses sp\u00e9cificit\u00e9s, il s\u2019est attel\u00e9 \u00e0 d\u00e9finir les d\u00e9fis \u00e0 relever pour approfondir une paix juste\u00a0et durable : l\u2019\u00e9volution de la repr\u00e9sentation institutionnelle du Pays Basque, la consolidation et l\u2019approfondissement du processus de paix. Le d\u00e9fi de la socialisation du processus de paix, pour que la soci\u00e9t\u00e9 s\u2019en approprie la philosophie. Pour cela la recherche de la v\u00e9rit\u00e9 est n\u00e9cessaire, car pour faire la paix , il faut savoir la v\u00e9rit\u00e9, une mise en place d\u2019une commission v\u00e9rit\u00e9 est donc n\u00e9cessaire. La reconnaissance de l\u2019int\u00e9gralit\u00e9 des violences qui ont \u00e9t\u00e9 subis. La m\u00e9moire est un pilier, un enjeux fondamental. Toutes les m\u00e9moires doivent pouvoir s\u2019exprimer. Elles doivent dialoguer pour essayer de s\u2019unifier. Car la frustration est une v\u00e9ritable bombe \u00e0 retardement.<\/p>\n<p>Jean Pierre Massias a tenu \u00e0 remercier Bake Bidea pour la d\u00e9cision de donner \u00e0 l\u2019Institut Louis Joinet la gestion de ses archives. Mais aussi d\u2019en faire donc son h\u00e9ritier tant dans cette n\u00e9cessit\u00e9 de socialisation du processus de paix, que dans la perspective de la mise en place d\u2019une Commission V\u00e9rit\u00e9.<\/p>\n<p>Enfin, l\u2019institut a ainsi commenc\u00e9 la r\u00e9daction d\u2019un rapport et s\u2019engage \u00e0 le pr\u00e9senter dans un an.<\/p>\n<h4 class=\"western\">Table ronde\u00a0: Regards d\u2019\u00e9lus et d\u2019acteurs politiques du Pays Basque. Chaque intervenant a pr\u00e9sent\u00e9 un bilan depuis la conf\u00e9rence d\u2019Aiete, et la fondation de Bake Bidea \u00e0 nos jours . Puis leur vision des perspectives du processus de Paix.<\/h4>\n<p>Jean-Ren\u00e9 Etchegaray ( Pr\u00e9sident de la Communaut\u00e9 d\u2019agglom\u00e9ration Pays Basque et Maire de Bayonne) , Fr\u00e9d\u00e9rique Espagnac ( S\u00e9natrice des Pyr\u00e9n\u00e9es-Atlantiques et Conseill\u00e8re R\u00e9gionale de la Nouvelle Aquitaine) , Max Brisson ( Senateur des Pyr\u00e9n\u00e9es-Atlantiques et Conseiller D\u00e9partemental du canton de Biarritz), Alain Iriart ( Maire de Saint-Pierre d\u2019Irube et Conseiller D\u00e9l\u00e9gu\u00e9 de la Communaut\u00e9 d\u2019Agglom\u00e9ration Pays Basque) , Alice Leiciague\u00e7ahar ( ancienne Conseill\u00e8re R\u00e9gionale de la Nouvelle Aquitaine). Mod\u00e9rateur : Mathieu Boloquy (Bake Bidea).<\/p>\n<p><b>Lecture D\u00e9claration du 6 juin 2025. <\/b><\/p>\n<p>B\u00e9atrice Molle Haran (Artisan de la Paix ) et Anaiz Funosas ( Bake Bidea). Vous trouverez ci-jointe cette d\u00e9claration et ses signatiares.<\/p>\n<p><b>Mot de fin de la pr\u00e9sidente de Bake Bidea <\/b><\/p>\n<p>Anaiz Funosas a clos ce forum reprenant les fondements de l\u2019action de Bake Bidea et les diff\u00e9rentes moments clefs du processus de paix, dont le d\u00e9sarmement d\u2019ETA du 8 avril 2017, moments clefs auxquels Bake Bidea a \u0153uvr\u00e9 tout au long des ces dix derni\u00e8res ann\u00e9es. Actant les avanc\u00e9e sur la situation des prisonnier\u00b7es et des exil\u00e9s, sur la reconnaissance des victimes de toutes parts et sur la m\u00e9moire collective.<\/p>\n<p>\u00ab\u00a0C\u2019est avec beaucoup d\u2019\u00e9motion, une \u00e9motion profonde et partag\u00e9e, qu\u2019aujourd\u2019hui Bake Bidea , apr\u00e8s plus de treize ann\u00e9es d\u2019existence, met fin \u00e0 son activit\u00e9. C\u2019est une d\u00e9cision lourde, mais une d\u00e9cision m\u00fbrement r\u00e9fl\u00e9chie\u00a0\u00bb.<br \/>\nEt de rappeler ainsi\u00a0: \u00ab\u00a0Il y a plus de dix ans, nous avons choisi de marcher ensemble, avec d\u00e9termination et humilit\u00e9, pour contribuer \u00e0 construire une paix juste et durable en Pays Basque. Ce chemin, nous l\u2019avons emprunt\u00e9 avec la conviction que, face au silence et \u00e0 l\u2019immobilisme, <strong>la soci\u00e9t\u00e9 civile pouvait \u00eatre un levier de transformation\u00a0\u00bb<\/strong>.<\/p>\n<p>\u00ab\u00a0Cette d\u00e9cision n\u2019est pas un renoncement. C\u2019est au contraire un acte de responsabilit\u00e9. Nous faisons le choix de rendre possibles de nouveaux espaces, de nouvelles dynamiques. Les besoins d\u2019aujourd\u2019hui ne sont plus tout \u00e0 fait ceux d\u2019hier. Et c\u2019est \u00e0 d\u2019autres de les incarner, d\u2019autres formes \u00e0 inventer, d\u2019autres voix \u00e0 faire entendre. Ce passage de t\u00e9moin est notre derni\u00e8re responsabilit\u00e9\u00a0\u00bb<\/p>\n<p>Anaiz Funosas a remerci\u00e9 au nom de Bake Bidea toutes celles et ceux qui ont rendu ce parcours possible. Les Artisans de la Paix, les \u00e9lu\u00b7es engag\u00e9\u00b7es, les familles des prisonniers et des exil\u00e9s, les victimes de tout bord ou encore aux collectifs des prisonniers et exil\u00e9s qui ont cru en notre sinc\u00e9rit\u00e9s, les soutiens de l\u2019ombre, les citoyennes et citoyens mobilis\u00e9\u00b7es.<\/p>\n<p><strong>Avec une mention particuli\u00e8re pour Ligue des Droits de l\u2019Homme<\/strong>, les <strong>juristes<\/strong>, avocats et d\u00e9fenseurs du droit, les <strong>alli\u00e9s internationaux<\/strong>, les membres de<b> Lokarri <\/b>et du <b>Forum social Permanent, et u<\/b>ne pens\u00e9e pour celles et ceux qui nous ont quitt\u00e9s durant ces ann\u00e9es.<\/p>\n<p>Ici la d\u00e9claration du 6 juin et ces signataires, lu pendant le forum.<\/p>\n<p>La vid\u00e9o de ce forum : <a href=\"https:\/\/youtu.be\/ZWeoY8-p-L8\">https:\/\/youtu.be\/ZWeoY8-p-L8<\/a><\/p>\n<p>Dans les prochains mois Bake Bidea va s\u2019atteler \u00e0 fermer sa structure\u00a0:<\/p>\n<ul>\n<li>Ordonner ses archives et \u00e0 les d\u00e9poser. Nous sommes en train de r\u00e9diger un livret \/ r\u00e9cit de notre parcours et celui du processus de paix .<\/li>\n<li>Dissoudre l\u2019association : nous avons d\u2019ores et d\u00e9j\u00e0 d\u00e9cid\u00e9 que les fonds qui nous restent seront distribu\u00e9s \u00e0 l\u2019 IFJD -Fondation Louis Joinet et \u00e0 Harrera.<\/li>\n<\/ul>\n","protected":false},"excerpt":{"rendered":"<p>Dernier forum de Bake Bidea eta des Artisans de la Paix, le 6 juin 2025, \u00e0 la Maison de la communaut\u00e9 d&rsquo;Agglom\u00e9ration Pays Basque \u00e0 Bayonne. Pour ce dernier forum de Bake Bidea \u00ab Sur le chemin d\u2019une paix juste et durable. 2011-2025 Bilan et \u00e9tapes \u00e0 venir \u00bb, la&#8230;<\/p>\n","protected":false},"author":1,"featured_media":0,"parent":0,"menu_order":0,"comment_status":"closed","ping_status":"closed","template":"","meta":{"footnotes":""},"_links":{"self":[{"href":"https:\/\/www.bakebidea.com\/index.php?rest_route=\/wp\/v2\/pages\/7896"}],"collection":[{"href":"https:\/\/www.bakebidea.com\/index.php?rest_route=\/wp\/v2\/pages"}],"about":[{"href":"https:\/\/www.bakebidea.com\/index.php?rest_route=\/wp\/v2\/types\/page"}],"author":[{"embeddable":true,"href":"https:\/\/www.bakebidea.com\/index.php?rest_route=\/wp\/v2\/users\/1"}],"replies":[{"embeddable":true,"href":"https:\/\/www.bakebidea.com\/index.php?rest_route=%2Fwp%2Fv2%2Fcomments&post=7896"}],"version-history":[{"count":1,"href":"https:\/\/www.bakebidea.com\/index.php?rest_route=\/wp\/v2\/pages\/7896\/revisions"}],"predecessor-version":[{"id":7897,"href":"https:\/\/www.bakebidea.com\/index.php?rest_route=\/wp\/v2\/pages\/7896\/revisions\/7897"}],"wp:attachment":[{"href":"https:\/\/www.bakebidea.com\/index.php?rest_route=%2Fwp%2Fv2%2Fmedia&parent=7896"}],"curies":[{"name":"wp","href":"https:\/\/api.w.org\/{rel}","templated":true}]}}