{"id":5113,"date":"2017-09-13T14:19:50","date_gmt":"2017-09-13T12:19:50","guid":{"rendered":"https:\/\/www.bakebidea.com\/?page_id=5113"},"modified":"2017-09-13T14:25:20","modified_gmt":"2017-09-13T12:25:20","slug":"12-heures-pour-la-paix-kulturgileen-ekimena","status":"publish","type":"page","link":"https:\/\/www.bakebidea.com\/?page_id=5113","title":{"rendered":"12 HEURES POUR LA PAIX &#8211; KULTURGILEEN EKIMENA"},"content":{"rendered":"<h3><span style=\"color: #0c6985;\"><strong>Initiative des acteurs culturels en faveur du processus de paix<\/strong><\/span><\/h3>\n<p>&nbsp;<\/p>\n<p><a href=\"https:\/\/www.bakebidea.com\/wp-content\/uploads\/2017\/09\/19453002_1372948702786929_5941114764551165445_o.jpg\"><img loading=\"lazy\" decoding=\"async\" class=\"alignnone wp-image-5115 size-large\" src=\"https:\/\/www.bakebidea.com\/wp-content\/uploads\/2017\/09\/19453002_1372948702786929_5941114764551165445_o-1024x256.jpg\" alt=\"\" width=\"900\" height=\"225\" srcset=\"https:\/\/www.bakebidea.com\/wp-content\/uploads\/2017\/09\/19453002_1372948702786929_5941114764551165445_o-1024x256.jpg 1024w, https:\/\/www.bakebidea.com\/wp-content\/uploads\/2017\/09\/19453002_1372948702786929_5941114764551165445_o-300x75.jpg 300w, https:\/\/www.bakebidea.com\/wp-content\/uploads\/2017\/09\/19453002_1372948702786929_5941114764551165445_o-768x192.jpg 768w, https:\/\/www.bakebidea.com\/wp-content\/uploads\/2017\/09\/19453002_1372948702786929_5941114764551165445_o.jpg 1200w\" sizes=\"(max-width: 900px) 100vw, 900px\" \/><\/a><\/p>\n<p>&nbsp;<\/p>\n<p><span style=\"color: #333333;\">\u00ab\u00a0Le 16 d\u00e9cembre 2016, les 5 premiers Artisans de la Paix \u00e9taient arr\u00eat\u00e9s \u00e0 Louhossoa, lors d\u2019une op\u00e9ration de neutralisation de l\u2019arsenal de l\u2019organisation ETA.<\/span><\/p>\n<p><span style=\"color: #333333;\">D\u00e8s le lendemain, une soixantaine d\u2019acteurs du monde culturel du Pays Basque Nord se rassemblaient spontan\u00e9ment, dans le but de participer \u00e0 la mobilisation de soutien, et d\u2019apporter leur dynamique en faveur du processus de paix en Pays Basque.<\/span><br \/>\n<span style=\"color: #333333;\"> Un collectif fut cr\u00e9\u00e9, et prit le nom de Kulturgileen Ekimena.<\/span><br \/>\n<span style=\"color: #333333;\"> Pour favoriser les liens et les contacts entre acteurs culturels sur le th\u00e8me du processus de paix, ils cr\u00e9\u00e8rent le blog<span style=\"color: #0c6985;\">\u00a0:<strong>\u00a0<span style=\"text-decoration: underline;\"><a href=\"http:\/\/iehke.blogspot.fr\/\">http:\/\/iehke.blogspot.fr<\/a>.<\/span><\/strong><\/span><\/span><\/p>\n<p><span style=\"color: #333333;\">Aujourd\u2019hui, Kulturgileen Ekimena est fier de vous pr\u00e9senter les premiers pas de leur d\u00e9marche.<\/span><br \/>\n<span style=\"color: #333333;\"> Tout d\u2019abord, une cr\u00e9ation musicale accompagn\u00e9e de son clip vid\u00e9o.<\/span><br \/>\n<span style=\"color: #333333;\"> 35 auteurs, musiciens et chanteurs ont particip\u00e9 \u00e0 cette cr\u00e9ation.<\/span><br \/>\n<span style=\"color: #333333;\"> Par ailleurs, une journ\u00e9e de mobilisation en faveur du processus de paix aura lieu le 30 septembre \u00e0 Louhossoa, m\u00ealant kantaldi, bertso, prises de paroles et concerts.<\/span><br \/>\n<span style=\"color: #333333;\"> Le programme vous sera d\u00e9taill\u00e9 dans les semaines \u00e0 venir.<\/span><\/p>\n<p><span style=\"color: #333333;\">Kulturgileen Ekimena invite \u00e0 partager en grand nombre la chanson nomm\u00e9e <span style=\"color: #0c6985;\"><a href=\"https:\/\/www.youtube.com\/watch?v=utymiU_DYUA\"><strong>\u00ab\u00a0<\/strong><strong>H<\/strong><strong>ordago\u00a0<\/strong><\/a><a href=\"https:\/\/www.youtube.com\/watch?v=utymiU_DYUA\"><strong>\u00bb et son vid\u00e9oclip<\/strong><\/a><\/span> sur les r\u00e9seaux sociaux, et \u00e0 participer aux rendez-vous du 30 septembre \u00e0 Louhossoa (\u00ab\u00a012 heures en faveur du processus de paix\u00a0\u00bb), ainsi qu\u2019\u00e0 la journ\u00e9e de mobilisation du 9 d\u00e9cembre \u00e0 Paris en faveur des prisonniers politiques basques.<\/span><\/p>\n<p><span style=\"color: #333333;\">Milesker, Kulturgileen Ekimena.\u00a0\u00bb<\/span><\/p>\n<p>&nbsp;<\/p>\n<h3><span style=\"color: #0c6985;\"><b>Programmation des animations<\/b><\/span><\/h3>\n<p>&nbsp;<\/p>\n<p>14.00: Elirale konpania (dance)<br \/>\n14.30 Naia Robles Arangiz (chant)<br \/>\n15.00: Polekeleke (dance)<br \/>\n15.30: Xabi Sab Sebastian (chant)<br \/>\n16.00: Bilaka (dance)<br \/>\n16.30: Maialen Errotabeherre (chant)<br \/>\n17.10: Xanolive (concert)<br \/>\n17.50: Foisis jaunak (concert)<br \/>\n18.20: Aire ahizpak (chant)<br \/>\n19.00: Sustrai eta Maialen bertsolariak (bertso poteoa)<br \/>\n19.20: Mintzaldia<br \/>\n20.00: Agustin Alkhat (concert)<br \/>\n21.15: New House (concert)<br \/>\n22.30: Willis drumond (concert)<br \/>\n23.45: Sorotan babies (concert)<br \/>\n01.00: Polygorn (concert)<\/p>\n<p>&#8230;. <strong><span style=\"color: #0c6985;\">RESTAURATION POSSIBLE DES 12.00<\/span><\/strong><\/p>\n<p>&nbsp;<\/p>\n<p>&nbsp;<\/p>\n<p><a href=\"https:\/\/www.bakebidea.com\/wp-content\/uploads\/2017\/09\/12oren.jpg\"><img loading=\"lazy\" decoding=\"async\" class=\"alignnone wp-image-5114 size-full\" src=\"https:\/\/www.bakebidea.com\/wp-content\/uploads\/2017\/09\/12oren.jpg\" alt=\"\" width=\"984\" height=\"1389\" srcset=\"https:\/\/www.bakebidea.com\/wp-content\/uploads\/2017\/09\/12oren.jpg 984w, https:\/\/www.bakebidea.com\/wp-content\/uploads\/2017\/09\/12oren-213x300.jpg 213w, https:\/\/www.bakebidea.com\/wp-content\/uploads\/2017\/09\/12oren-768x1084.jpg 768w, https:\/\/www.bakebidea.com\/wp-content\/uploads\/2017\/09\/12oren-725x1024.jpg 725w\" sizes=\"(max-width: 984px) 100vw, 984px\" \/><\/a><\/p>\n","protected":false},"excerpt":{"rendered":"<p>Initiative des acteurs culturels en faveur du processus de paix &nbsp; &nbsp; \u00ab\u00a0Le 16 d\u00e9cembre 2016, les 5 premiers Artisans de la Paix \u00e9taient arr\u00eat\u00e9s \u00e0 Louhossoa, lors d\u2019une op\u00e9ration de neutralisation de l\u2019arsenal de l\u2019organisation ETA. D\u00e8s le lendemain, une soixantaine d\u2019acteurs du monde culturel du Pays Basque Nord&#8230;<\/p>\n","protected":false},"author":1,"featured_media":0,"parent":0,"menu_order":0,"comment_status":"closed","ping_status":"closed","template":"","meta":{"footnotes":""},"_links":{"self":[{"href":"https:\/\/www.bakebidea.com\/index.php?rest_route=\/wp\/v2\/pages\/5113"}],"collection":[{"href":"https:\/\/www.bakebidea.com\/index.php?rest_route=\/wp\/v2\/pages"}],"about":[{"href":"https:\/\/www.bakebidea.com\/index.php?rest_route=\/wp\/v2\/types\/page"}],"author":[{"embeddable":true,"href":"https:\/\/www.bakebidea.com\/index.php?rest_route=\/wp\/v2\/users\/1"}],"replies":[{"embeddable":true,"href":"https:\/\/www.bakebidea.com\/index.php?rest_route=%2Fwp%2Fv2%2Fcomments&post=5113"}],"version-history":[{"count":2,"href":"https:\/\/www.bakebidea.com\/index.php?rest_route=\/wp\/v2\/pages\/5113\/revisions"}],"predecessor-version":[{"id":5120,"href":"https:\/\/www.bakebidea.com\/index.php?rest_route=\/wp\/v2\/pages\/5113\/revisions\/5120"}],"wp:attachment":[{"href":"https:\/\/www.bakebidea.com\/index.php?rest_route=%2Fwp%2Fv2%2Fmedia&parent=5113"}],"curies":[{"name":"wp","href":"https:\/\/api.w.org\/{rel}","templated":true}]}}