{"id":4770,"date":"2017-02-23T17:37:12","date_gmt":"2017-02-23T16:37:12","guid":{"rendered":"https:\/\/www.bakebidea.com\/?page_id=4770"},"modified":"2017-03-08T11:56:02","modified_gmt":"2017-03-08T10:56:02","slug":"4770-2","status":"publish","type":"page","link":"https:\/\/www.bakebidea.com\/?page_id=4770","title":{"rendered":"FORUM : Le d\u00e9sarmement au service du processus de paix"},"content":{"rendered":"<p><a href=\"https:\/\/www.bakebidea.com\/wp-content\/uploads\/2016\/04\/FORUM-PUB.jpg\"><img loading=\"lazy\" decoding=\"async\" class=\"aligncenter wp-image-4783 size-full\" src=\"https:\/\/www.bakebidea.com\/wp-content\/uploads\/2016\/04\/FORUM-PUB.jpg\" width=\"713\" height=\"402\" srcset=\"https:\/\/www.bakebidea.com\/wp-content\/uploads\/2016\/04\/FORUM-PUB.jpg 713w, https:\/\/www.bakebidea.com\/wp-content\/uploads\/2016\/04\/FORUM-PUB-300x169.jpg 300w\" sizes=\"(max-width: 713px) 100vw, 713px\" \/><\/a><\/p>\n<h3 style=\"text-align: justify;\"><\/h3>\n<p style=\"text-align: justify;\"><span style=\"color: #333333;\">Quasiment deux ans apr\u00e8s la tenue de la Conf\u00e9rence humanitaire pour la paix au Pays Basque, et cinq ans apr\u00e8s le d\u00e9but du mandat du gouvernement socialiste fran\u00e7ais, il nous parait important de faire un bilan d\u2019\u00e9tape et de r\u00e9fl\u00e9chir aux perspectives concernant le r\u00f4le de la soci\u00e9t\u00e9 civile pour faire avancer le processus de paix.<\/span><\/p>\n<p>&nbsp;<\/p>\n<p style=\"text-align: justify;\"><span style=\"color: #333333;\">Tandis que les gouvernements fran\u00e7ais et espagnols ne se sont pas engag\u00e9s en faveur du processus de paix, la soci\u00e9t\u00e9 civile du Pays Basque a continu\u00e9 d\u2019avancer et d\u2019\u00eatre dans l\u2019initiative.<\/span><\/p>\n<p>&nbsp;<\/p>\n<p style=\"text-align: justify;\"><span style=\"color: #333333;\">Elle a entre autres d\u00e9velopp\u00e9 les relations \u00e9tablies lors de la pr\u00e9paration et \u00e0 la suite de la Conf\u00e9rence humanitaire pour la paix au Pays Basque. Une Commission de juristes pour la paix au Pays Basque a \u00e9t\u00e9 cr\u00e9\u00e9e. Cette commission compos\u00e9e d\u2019une vingtaine de juristes hexagonaux et du Pays Basque r\u00e9fl\u00e9chit et travaille sur la place du droit dans le processus de Paix au Pays Basque et sur les moyens qui permettront de trouver une issue \u00e0 la situation des prisonnier.e.s basques.<\/span><\/p>\n<p>&nbsp;<\/p>\n<p style=\"text-align: justify;\"><span style=\"color: #333333;\">Le 16 d\u00e9cembre 2016, des repr\u00e9sentants de la soci\u00e9t\u00e9 civile ont d\u00e9cid\u00e9 de prendre leurs responsabilit\u00e9s et de s\u2019impliquer dans\u00a0 le processus du processus de d\u00e9sarmement du groupe arm\u00e9 ETA.\u00a0 Michel Tubiana, Jean Noel Etcheverry \u00ab\u00a0Txetx\u00a0\u00bb et Michel Berhocoirigoin ont \u00e9t\u00e9 arr\u00eat\u00e9s pour avoir entam\u00e9 ce processus mais ils ont \u00e9galement \u00e9t\u00e9 soutenus dans leur d\u00e9marche par la majorit\u00e9 des acteurs sociaux et politiques et des \u00e9lu.e.s du territoire qui s\u2019engageaient \u00e0 prendre le relai.<\/span><\/p>\n<p>&nbsp;<\/p>\n<p style=\"text-align: justify;\"><span style=\"color: #333333;\">Quelques mois apr\u00e8s cette \u00e9tape franchie au Pays Basque, il nous semble important de revenir sur l\u2019initiative prise par ces trois \u00ab\u00a0artisans de la paix\u00a0\u00bb et de comprendre ensemble ce que suppose vraiment un processus de d\u00e9sarmement dans le cadre d\u2019un processus de paix.<\/span><\/p>\n<p>&nbsp;<\/p>\n<p style=\"text-align: justify;\"><span style=\"color: #333333;\">Nous souhaitons ainsi organiser un Forum sur la question du d\u00e9sarmement et offrir un espace de r\u00e9flexion et d\u2019\u00e9changes \u00a0\u00a0\u00a0autour\u00a0 de cette \u00e9tape cl\u00e9 de ce type de processus et des perspectives qu\u2019il\u00a0 peut\u00a0 ouvrir.<\/span><\/p>\n<p>&nbsp;<\/p>\n<h1 style=\"text-align: justify;\"><span style=\"color: #12697a;\"><a style=\"color: #12697a;\" href=\"https:\/\/www.bakebidea.com\/wp-content\/uploads\/2016\/04\/Programme-Egitaraua.pdf\"><span style=\"text-decoration: underline;\">PROGRAMME<\/span> <\/a><\/span><\/h1>\n<p>&nbsp;<\/p>\n<h1 style=\"text-align: justify;\"><span style=\"color: #0099b9;\"><strong>INSCRIPTION<\/strong> <\/span><\/h1>\n<ul>\n<li style=\"text-align: justify;\">\n<h1><span style=\"text-decoration: underline;\"><span style=\"color: #0099b9;\"><a style=\"color: #0099b9; text-decoration: underline;\" href=\"https:\/\/docs.google.com\/forms\/d\/e\/1FAIpQLSfpTe6xDj0xzGvZV77i8UwXoo5dXyP0WwL_b7nUv5AscBAj0g\/viewform\">PAR FORMULAIRE<\/a><\/span><\/span><\/h1>\n<\/li>\n<\/ul>\n<h3><span style=\"color: #0099b9;\">soit<\/span><\/h3>\n<ul>\n<li>\n<h1><span style=\"color: #0099b9;\">PAR TELEPHONE : 06 38 22 76 32<\/span><\/h1>\n<\/li>\n<\/ul>\n<p>&nbsp;<\/p>\n","protected":false},"excerpt":{"rendered":"<p>Quasiment deux ans apr\u00e8s la tenue de la Conf\u00e9rence humanitaire pour la paix au Pays Basque, et cinq ans apr\u00e8s le d\u00e9but du mandat du gouvernement socialiste fran\u00e7ais, il nous parait important de faire un bilan d\u2019\u00e9tape et de r\u00e9fl\u00e9chir aux perspectives concernant le r\u00f4le de la soci\u00e9t\u00e9 civile pour&#8230;<\/p>\n","protected":false},"author":1,"featured_media":0,"parent":0,"menu_order":0,"comment_status":"closed","ping_status":"closed","template":"","meta":{"footnotes":""},"_links":{"self":[{"href":"https:\/\/www.bakebidea.com\/index.php?rest_route=\/wp\/v2\/pages\/4770"}],"collection":[{"href":"https:\/\/www.bakebidea.com\/index.php?rest_route=\/wp\/v2\/pages"}],"about":[{"href":"https:\/\/www.bakebidea.com\/index.php?rest_route=\/wp\/v2\/types\/page"}],"author":[{"embeddable":true,"href":"https:\/\/www.bakebidea.com\/index.php?rest_route=\/wp\/v2\/users\/1"}],"replies":[{"embeddable":true,"href":"https:\/\/www.bakebidea.com\/index.php?rest_route=%2Fwp%2Fv2%2Fcomments&post=4770"}],"version-history":[{"count":11,"href":"https:\/\/www.bakebidea.com\/index.php?rest_route=\/wp\/v2\/pages\/4770\/revisions"}],"predecessor-version":[{"id":4834,"href":"https:\/\/www.bakebidea.com\/index.php?rest_route=\/wp\/v2\/pages\/4770\/revisions\/4834"}],"wp:attachment":[{"href":"https:\/\/www.bakebidea.com\/index.php?rest_route=%2Fwp%2Fv2%2Fmedia&parent=4770"}],"curies":[{"name":"wp","href":"https:\/\/api.w.org\/{rel}","templated":true}]}}

FORUM : Le désarmement au service du processus de paix

<p><a href="https://www.bakebidea.com/wp-content/uploads/2016/04/FORUM-PUB.jpg"><img loading="lazy" decoding="async" class="aligncenter wp-image-4783 size-full" src="https://www.bakebidea.com/wp-content/uploads/2016/04/FORUM-PUB.jpg" width="713" height="402" srcset="https://www.bakebidea.com/wp-content/uploads/2016/04/FORUM-PUB.jpg 713w, https://www.bakebidea.com/wp-content/uploads/2016/04/FORUM-PUB-300x169.jpg 300w" sizes="(max-width: 713px) 100vw, 713px" /></a></p>
<h3 style="text-align: justify;"></h3>
<p style="text-align: justify;"><span style="color: #333333;">Quasiment deux ans après la tenue de la Conférence humanitaire pour la paix au Pays Basque, et cinq ans après le début du mandat du gouvernement socialiste français, il nous parait important de faire un bilan d’étape et de réfléchir aux perspectives concernant le rôle de la société civile pour faire avancer le processus de paix.</span></p>
<p>&nbsp;</p>
<p style="text-align: justify;"><span style="color: #333333;">Tandis que les gouvernements français et espagnols ne se sont pas engagés en faveur du processus de paix, la société civile du Pays Basque a continué d’avancer et d’être dans l’initiative.</span></p>
<p>&nbsp;</p>
<p style="text-align: justify;"><span style="color: #333333;">Elle a entre autres développé les relations établies lors de la préparation et à la suite de la Conférence humanitaire pour la paix au Pays Basque. Une Commission de juristes pour la paix au Pays Basque a été créée. Cette commission composée d’une vingtaine de juristes hexagonaux et du Pays Basque réfléchit et travaille sur la place du droit dans le processus de Paix au Pays Basque et sur les moyens qui permettront de trouver une issue à la situation des prisonnier.e.s basques.</span></p>
<p>&nbsp;</p>
<p style="text-align: justify;"><span style="color: #333333;">Le 16 décembre 2016, des représentants de la société civile ont décidé de prendre leurs responsabilités et de s’impliquer dans  le processus du processus de désarmement du groupe armé ETA.  Michel Tubiana, Jean Noel Etcheverry « Txetx » et Michel Berhocoirigoin ont été arrêtés pour avoir entamé ce processus mais ils ont également été soutenus dans leur démarche par la majorité des acteurs sociaux et politiques et des élu.e.s du territoire qui s’engageaient à prendre le relai.</span></p>
<p>&nbsp;</p>
<p style="text-align: justify;"><span style="color: #333333;">Quelques mois après cette étape franchie au Pays Basque, il nous semble important de revenir sur l’initiative prise par ces trois « artisans de la paix » et de comprendre ensemble ce que suppose vraiment un processus de désarmement dans le cadre d’un processus de paix.</span></p>
<p>&nbsp;</p>
<p style="text-align: justify;"><span style="color: #333333;">Nous souhaitons ainsi organiser un Forum sur la question du désarmement et offrir un espace de réflexion et d’échanges    autour  de cette étape clé de ce type de processus et des perspectives qu’il  peut  ouvrir.</span></p>
<p>&nbsp;</p>
<h1 style="text-align: justify;"><span style="color: #12697a;"><a style="color: #12697a;" href="https://www.bakebidea.com/wp-content/uploads/2016/04/Programme-Egitaraua.pdf"><span style="text-decoration: underline;">PROGRAMME</span> </a></span></h1>
<p>&nbsp;</p>
<h1 style="text-align: justify;"><span style="color: #0099b9;"><strong>INSCRIPTION</strong> </span></h1>
<ul>
<li style="text-align: justify;">
<h1><span style="text-decoration: underline;"><span style="color: #0099b9;"><a style="color: #0099b9; text-decoration: underline;" href="https://docs.google.com/forms/d/e/1FAIpQLSfpTe6xDj0xzGvZV77i8UwXoo5dXyP0WwL_b7nUv5AscBAj0g/viewform">PAR FORMULAIRE</a></span></span></h1>
</li>
</ul>
<h3><span style="color: #0099b9;">soit</span></h3>
<ul>
<li>
<h1><span style="color: #0099b9;">PAR TELEPHONE : 06 38 22 76 32</span></h1>
</li>
</ul>
<p>&nbsp;</p>

<p>Quasiment deux ans après la tenue de la Conférence humanitaire pour la paix au Pays Basque, et cinq ans après le début du mandat du gouvernement socialiste français, il nous parait important de faire un bilan d’étape et de réfléchir aux perspectives concernant le rôle de la société civile pour&#8230;</p>
