{"id":4546,"date":"2016-12-18T18:33:32","date_gmt":"2016-12-18T17:33:32","guid":{"rendered":"https:\/\/www.bakebidea.com\/?page_id=4546"},"modified":"2016-12-18T18:44:19","modified_gmt":"2016-12-18T17:44:19","slug":"orga-qui-ont-denonce-les-arrestations-du-16-dec-2016","status":"publish","type":"page","link":"https:\/\/www.bakebidea.com\/?page_id=4546&lang=eu","title":{"rendered":"Orga&#8230; qui ont d\u00e9nonc\u00e9 les arrestations du 16 d\u00e9c 2016"},"content":{"rendered":"<div id=\"content-section\">\n<div class=\"container\">\n<div class=\"naiz-main\">\n<div class=\"row\">\n<div class=\"col-sm-8\">\n<div class=\"row\">\n<div class=\"col-sm-12\">\n<div id=\"full_article_2161423\" class=\"widget full_article\">\n<div class=\"row\">\n<div class=\"col-sm-9 new single\">\n<div class=\"row\">\n<div class=\"col-sm-12\">\n<div class=\"new-header\">\n<div class=\"new-content row\">\n<div class=\"col-sm-12\">\n<div class=\"row\">\n<div class=\"col-sm-12\">\n<div class=\"report-text\"><\/div>\n<div class=\"report-text\"><\/div>\n<div class=\"report-text\">Hona Luhuson bakearen artisauen atxiloketak salatu dituzten antolakunde sozial zein politikoak eta pertsonalitateak: LDH CFDT ADAPA BIZI! ALTERNATIBA , LA MAIRIE DE MACAYE JOSE BOVE CECILE DUFLOT EDWY PLENEL LE CONCEIL EXECUTIF DE CORSE LE COMITE DE DEFENSE DES DROITS DE L&rsquo;HOMME EN PAYS BASQUE LA LDH CORSE ATTAC FRANCE LE PARTI DE GAUCHE EUROPEEN<\/div>\n<\/div>\n<\/div>\n<\/div>\n<\/div>\n<\/div>\n<\/div>\n<\/div>\n<\/div>\n<\/div>\n<\/div>\n<\/div>\n<\/div>\n<\/div>\n<\/div>\n<\/div>\n<\/div>\n<\/div>\n","protected":false},"excerpt":{"rendered":"<p>Hona Luhuson bakearen artisauen atxiloketak salatu dituzten antolakunde sozial zein politikoak eta pertsonalitateak: LDH CFDT ADAPA BIZI! ALTERNATIBA , LA MAIRIE DE MACAYE JOSE BOVE CECILE DUFLOT EDWY PLENEL LE CONCEIL EXECUTIF DE CORSE LE COMITE DE DEFENSE DES DROITS DE L&rsquo;HOMME EN PAYS BASQUE LA LDH CORSE ATTAC FRANCE&#8230;<\/p>\n","protected":false},"author":1,"featured_media":0,"parent":0,"menu_order":0,"comment_status":"closed","ping_status":"closed","template":"","meta":{"footnotes":""},"_links":{"self":[{"href":"https:\/\/www.bakebidea.com\/index.php?rest_route=\/wp\/v2\/pages\/4546"}],"collection":[{"href":"https:\/\/www.bakebidea.com\/index.php?rest_route=\/wp\/v2\/pages"}],"about":[{"href":"https:\/\/www.bakebidea.com\/index.php?rest_route=\/wp\/v2\/types\/page"}],"author":[{"embeddable":true,"href":"https:\/\/www.bakebidea.com\/index.php?rest_route=\/wp\/v2\/users\/1"}],"replies":[{"embeddable":true,"href":"https:\/\/www.bakebidea.com\/index.php?rest_route=%2Fwp%2Fv2%2Fcomments&post=4546"}],"version-history":[{"count":3,"href":"https:\/\/www.bakebidea.com\/index.php?rest_route=\/wp\/v2\/pages\/4546\/revisions"}],"predecessor-version":[{"id":4549,"href":"https:\/\/www.bakebidea.com\/index.php?rest_route=\/wp\/v2\/pages\/4546\/revisions\/4549"}],"wp:attachment":[{"href":"https:\/\/www.bakebidea.com\/index.php?rest_route=%2Fwp%2Fv2%2Fmedia&parent=4546"}],"curies":[{"name":"wp","href":"https:\/\/api.w.org\/{rel}","templated":true}]}}