{"id":4538,"date":"2016-12-18T18:08:30","date_gmt":"2016-12-18T17:08:30","guid":{"rendered":"https:\/\/www.bakebidea.com\/?page_id=4538"},"modified":"2016-12-18T18:08:55","modified_gmt":"2016-12-18T17:08:55","slug":"4538-2","status":"publish","type":"page","link":"https:\/\/www.bakebidea.com\/?page_id=4538","title":{"rendered":"Orga&#8230; qui ont d\u00e9nonc\u00e9 les arrestations du 16 d\u00e9c 2016"},"content":{"rendered":"<div id=\"content-section\">\n<div class=\"container\">\n<div class=\"naiz-main\">\n<div class=\"row\">\n<div class=\"col-sm-8\">\n<div class=\"row\">\n<div class=\"col-sm-12\">\n<div id=\"full_article_2161423\" class=\"widget full_article\">\n<div class=\"row\">\n<div class=\"col-sm-9 new single\">\n<div class=\"row\">\n<div class=\"col-sm-12\">\n<div class=\"new-header\">\n<div class=\"new-content row\">\n<div class=\"col-sm-12\">\n<div class=\"row\">\n<div class=\"col-sm-12\">\n<div class=\"report-text\">\n<p>Voici, entre autres,les personnalit\u00e9s, organisations et institutions qui ont d\u00e9nonc\u00e9 les arrestations des artisans de la paix du 16 d\u00e9cembre\u00e0 Louhoussoa:<\/p>\n<p>LDH<\/p>\n<p>CFDT ADAPA<\/p>\n<p>BIZI! ALTERNATIBA ,<\/p>\n<p>LA MAIRIE DE MACAYE<\/p>\n<p>JOSE BOVE<\/p>\n<p>CECILE DUFLOT<\/p>\n<p>EDWY PLENEL<\/p>\n<p>LE CONCEIL EXECUTIF DE CORSE<\/p>\n<p>LE COMITE DE DEFENSE DES DROITS DE L&rsquo;HOMME EN PAYS BASQUE<\/p>\n<p>LA LDH CORSE<\/p>\n<p>ATTAC FRANCE<\/p>\n<p>LE PARTI DE GAUCHE EUROPEEN<\/p>\n<p>&nbsp;<\/p>\n<\/div>\n<\/div>\n<\/div>\n<\/div>\n<\/div>\n<\/div>\n<\/div>\n<\/div>\n<\/div>\n<\/div>\n<\/div>\n<\/div>\n<\/div>\n<\/div>\n<\/div>\n<\/div>\n<\/div>\n<\/div>\n","protected":false},"excerpt":{"rendered":"<p>Voici, entre autres,les personnalit\u00e9s, organisations et institutions qui ont d\u00e9nonc\u00e9 les arrestations des artisans de la paix du 16 d\u00e9cembre\u00e0 Louhoussoa: LDH CFDT ADAPA BIZI! ALTERNATIBA , LA MAIRIE DE MACAYE JOSE BOVE CECILE DUFLOT EDWY PLENEL LE CONCEIL EXECUTIF DE CORSE LE COMITE DE DEFENSE DES DROITS DE L&rsquo;HOMME&#8230;<\/p>\n","protected":false},"author":1,"featured_media":0,"parent":0,"menu_order":0,"comment_status":"closed","ping_status":"closed","template":"","meta":{"footnotes":""},"_links":{"self":[{"href":"https:\/\/www.bakebidea.com\/index.php?rest_route=\/wp\/v2\/pages\/4538"}],"collection":[{"href":"https:\/\/www.bakebidea.com\/index.php?rest_route=\/wp\/v2\/pages"}],"about":[{"href":"https:\/\/www.bakebidea.com\/index.php?rest_route=\/wp\/v2\/types\/page"}],"author":[{"embeddable":true,"href":"https:\/\/www.bakebidea.com\/index.php?rest_route=\/wp\/v2\/users\/1"}],"replies":[{"embeddable":true,"href":"https:\/\/www.bakebidea.com\/index.php?rest_route=%2Fwp%2Fv2%2Fcomments&post=4538"}],"version-history":[{"count":1,"href":"https:\/\/www.bakebidea.com\/index.php?rest_route=\/wp\/v2\/pages\/4538\/revisions"}],"predecessor-version":[{"id":4539,"href":"https:\/\/www.bakebidea.com\/index.php?rest_route=\/wp\/v2\/pages\/4538\/revisions\/4539"}],"wp:attachment":[{"href":"https:\/\/www.bakebidea.com\/index.php?rest_route=%2Fwp%2Fv2%2Fmedia&parent=4538"}],"curies":[{"name":"wp","href":"https:\/\/api.w.org\/{rel}","templated":true}]}}