{"id":4533,"date":"2016-12-18T17:49:05","date_gmt":"2016-12-18T16:49:05","guid":{"rendered":"https:\/\/www.bakebidea.com\/?page_id=4533"},"modified":"2016-12-19T08:30:18","modified_gmt":"2016-12-19T07:30:18","slug":"4533-2","status":"publish","type":"page","link":"https:\/\/www.bakebidea.com\/?page_id=4533","title":{"rendered":"D\u00e9claration \u00e0 l&rsquo;intention des \u00e9tats fran\u00e7ais et espagnol, des institutions publiques et des citoyennes et des citoyens de l&rsquo;ensemble du Pays Basque"},"content":{"rendered":"<h1 style=\"text-align: center;\"><span style=\"color: #0d6985;\">D\u00e9claration \u00e0 l&rsquo;intention des \u00e9tats fran\u00e7ais et espagnol, des institutions publiques et des citoyennes et des citoyens de l&rsquo;ensemble du Pays Basque<\/span><\/h1>\n<p>&nbsp;<\/p>\n<p>5 personnes ont \u00e9t\u00e9 arr\u00eat\u00e9es hier soir, alors qu&rsquo;elles d\u00e9truisaient une partie de l&rsquo;arsenal d&rsquo;ETA.<\/p>\n<p>Nous, \u00e9lus du Pays Basque de toutes sensibilit\u00e9s politiques, sommes interpell\u00e9s par ces arrestations car il s&rsquo;agit de personnalit\u00e9s connues de tous, dont l&rsquo;engagement en faveur de la paix est incontestable.<\/p>\n<p>Nous pouvons en t\u00e9moigner.<\/p>\n<p>Nous avons appris que cette op\u00e9ration de destruction s&rsquo;inscrivait dans une d\u00e9marche initi\u00e9e il y a 5 ans \u00e0 Aiete et reprise depuis plusieurs semaines par ces personnalit\u00e9s, d\u00e9cid\u00e9es \u00e0 pallier le manque d&rsquo;implication des \u00e9tats espagnol et fran\u00e7ais et \u00e0 prendre en charge, au titre de la soci\u00e9t\u00e9 civile, la destruction des armes de l&rsquo;organisation ETA.<\/p>\n<p>Parce que nous voulons contribuer \u00e0 un avenir sans violence et d\u00e9mocratique pour le Pays Basque,<\/p>\n<p>Parce que nous avons la conviction que ce d\u00e9sarmement est une condition incontournable permettant d&rsquo;aboutir \u00e0 une r\u00e9solution d\u00e9finitive du conflit<\/p>\n<p>Parce qu&rsquo;il nous semble fondamental d&#8217;emp\u00eacher un quelconque retour de la violence<\/p>\n<p>Parce qu&rsquo;il nous semble n\u00e9cessaire de prendre en compte la situation des prisonniers et les souffrances de toutes les victimes<\/p>\n<p>Nous, \u00e9lus du Pays Basque exprimons notre soutien collectif aux personnes interpell\u00e9es.<\/p>\n<p>Nous, \u00e9lus du Pays Basque, alertons les \u00e9tats espagnols et fran\u00e7ais, qu&rsquo;au del\u00e0 des personnalit\u00e9s aujourd&rsquo;hui interpell\u00e9es, d&rsquo;autres acteurs de la soci\u00e9t\u00e9 civile prendront le relais tel est grand, dans la soci\u00e9t\u00e9 Basque, le d\u00e9sir de paix.<\/p>\n<p>Nous, \u00e9lus du Pays Basque, nous demandons aux \u00e9tats fran\u00e7ais et espagnol de s&rsquo;impliquer dans le processus de d\u00e9sarmement et la r\u00e9solution globale du conflit.<\/p>\n<p>&nbsp;<\/p>\n<p>Fait \u00e0 Bayonne le 17 d\u00e9cembre 2016<\/p>\n<p>&nbsp;<\/p>\n<p>&nbsp;<\/p>\n<p>&nbsp;<\/p>\n<h2><span style=\"color: #0d6985;\">Signataires de la d\u00e9claration\u00a0:<\/span><\/h2>\n<p>&nbsp;<\/p>\n<p>Sylviane Allaux, d\u00e9put\u00e9e socialiste des Pyr\u00e9n\u00e9es-Atlantiques<\/p>\n<p>Colette Capdevielle, d\u00e9put\u00e9e socialiste des Pyr\u00e9n\u00e9es-Atlantiques<\/p>\n<p>Fr\u00e9d\u00e9rique Espagnac, s\u00e9natrice socialiste des Pyr\u00e9n\u00e9es-Atlantiques<\/p>\n<p>Jean-Ren\u00e9 Etchegaray, maire de Bayonne (centriste).<\/p>\n<p>Kotte Ecenarro, aire d&rsquo;Hendaye &#8211; Conseiller Departemental Pyrenees Atlantiques (PS)<\/p>\n<p>Max Brisson, Conseiller d\u00e9partemental de Biarritz, Premier Vice-president du Conseil departemental des Pyr\u00e9n\u00e9es-Atlantiques. Pr\u00e9sident du groupe les R\u00e9publicains pour le 64<\/p>\n<p>Michel Larralde, secr\u00e9taire g\u00e9n\u00e9ral de la CFDT Pays Basque<\/p>\n<p>Jean Lissar, membres des Verts (EELV) Pays Basque<\/p>\n<p>Michel Veunac, Maire de Biarritz, 1er Vice-Pr\u00e9sident Agglom\u00e9ration C\u00f4te Basque Adour<\/p>\n<p>Daniel Ol\u00e7omendi, maire d&rsquo;Ostabat<\/p>\n<p>Jean Claude Iriart, conseiller municipal \u00e0 Bayonne<\/p>\n<p>Andr\u00e9e Etcheverrya, Maire d&rsquo;Ossas-Suhas<\/p>\n<p>Alice Lyciague\u00e7ahar, Conseill\u00e8re r\u00e9gionale (ELLV)<\/p>\n<p>Martine Bisauta, Maire-Adjointe de Bayonne en charge du D\u00e9veloppement Durable et des strat\u00e9gies urbaines<\/p>\n<p>Sandrine Derville, conseill\u00e8re r\u00e9gionale<\/p>\n<p>Alain Iriart, maire de St Pierre d&rsquo;Irube et conseiller d\u00e9partemental<\/p>\n<p>Isabelle Pargade, conseill\u00e8re d\u00e9partementale<\/p>\n<p>Antton Curutchary, Adjoint au maire de St Etienne de Baigorry<\/p>\n<p>Emilie Dutoya, conseill\u00e8re r\u00e9gionale PS<\/p>\n<p>Fred Tranche adjoint au maire d&rsquo;Hendaye<\/p>\n<p>Sandrine Kehrig Cottencon, 1\u00e8re adjointe d&rsquo;Hendaye<\/p>\n<p>Chantal Darquie, conseill\u00e8re r\u00e9gionale Nouvelle Aquitaine<\/p>\n<p>Marie Christine Aragon, conseill\u00e8re d\u00e9partementale (PS)<\/p>\n<p>Andde Ste Marie, conseiller d\u00e9partementa (PS)<\/p>\n<p>&nbsp;<\/p>\n<p><a href=\"https:\/\/www.bakebidea.com\/wp-content\/uploads\/2016\/10\/tirets.jpg\"><img loading=\"lazy\" decoding=\"async\" class=\"size-medium wp-image-4370 aligncenter\" src=\"https:\/\/www.bakebidea.com\/wp-content\/uploads\/2016\/10\/tirets-300x29.jpg\" alt=\"tirets\" width=\"300\" height=\"29\" srcset=\"https:\/\/www.bakebidea.com\/wp-content\/uploads\/2016\/10\/tirets-300x29.jpg 300w, https:\/\/www.bakebidea.com\/wp-content\/uploads\/2016\/10\/tirets-768x73.jpg 768w, https:\/\/www.bakebidea.com\/wp-content\/uploads\/2016\/10\/tirets-870x88.jpg 870w, https:\/\/www.bakebidea.com\/wp-content\/uploads\/2016\/10\/tirets.jpg 923w\" sizes=\"(max-width: 300px) 100vw, 300px\" \/><\/a><\/p>\n<p>&nbsp;<\/p>\n<p>&nbsp;<\/p>\n<h1 style=\"text-align: center;\"><span style=\"color: #0d6985;\">Euskal Herriko instituzio publikoek eta herritarrek frantziar eta espainiar estatuei luzatzen dieten adierazpena<\/span><\/h1>\n<p>&nbsp;<\/p>\n<p>&nbsp;<\/p>\n<p>5 pertsona atxilotu zituzten bart ETAren armategiaren parte bat suntsitzen ari zirelarik.<\/p>\n<p>Guk, Euskal Herriko sentsibilitate guztietako hautetsiok, hunkiak sentitu gara atxiloketa hauengandik, pertsonalitate ezagunak direlako eta denek dakigulako bakearen alde duten engaiamendua eztabaidaezina dela.<\/p>\n<p>Horren lekuko gara.<\/p>\n<p>Jakin dugu, armen desegiteko operazioa Aieteko duela 5 urteko desmartxaren segida zela, duela aste zonbait pertsonalitate hauek berengain hartu zutena frantziar eta espainiar estatuek zuten inplikazio ezari aurre egiteko. Horregatik erabaki zuten, jendarte zibilaren izenean, ETA erakundearen armak desegiten hastea.<\/p>\n<p>Euskal Herriarentzat bortizkeriarik gabeko etorkizun demokratiko bat nahi baitugu,<\/p>\n<p>Konbentzimendu osoa baitugu desarmea ezinbesteko baldintza dela gatazka behin betiko konpontzeko,<\/p>\n<p>Ezinbestekoa iruditzen baitzaigu berriz bortizkeriara ez itzultzea<\/p>\n<p>Beharrezkoa iruditzen baitzaigu presoen egoera eta biktima guztien sufrimenduak kontutan hartzea<\/p>\n<p>Guk, Euskal Herriko hautetsiok gure sustengu kolektiboa adierazten diegu atxilotuak izan diren pertsonei.<\/p>\n<p>Guk, Euskal Herriko hautetsiok, espainiar eta frantziar estatuei jakinarazten diegu, atxilotuak izan diren pertsonalitatez gain, jendarte zibileko beste aktore batzuek hartuko dutela erreleboa, hain da handia euskal jendartean bakerako nahia.<\/p>\n<p>Guk, Euskal Herriko hautetsiok, frantziar eta espainiar estatuei eskatzen diegu desarme prozesuan eta gatazkaren konponbidean inplika daitezen.<\/p>\n<p>&nbsp;<\/p>\n<p>Baionan egina, 2016ko abenduaren 17an<\/p>\n<p>&nbsp;<\/p>\n<h2><span style=\"color: #0d6985;\">Adierazpenaren izenpetzaileak:<\/span><\/h2>\n<p>Sylviane Allaux, Pirinio Atlantikoetako diputatua<\/p>\n<p>Colette Capdevielle, Pirinio Atlantikoetako diputatu sozialista<\/p>\n<p>Fr\u00e9d\u00e9rique Espagnac, Pirinio Atlantikoetako senatari sozialista<\/p>\n<p>Jean-Ren\u00e9 Etchegaray, Baionako auzapeza (zentrista)<\/p>\n<p>Kotte Ecenarro, Hendaiako auzapeza \u2013 Pirinio Atlantikoetako kontseilaria (PS)<\/p>\n<p>Max Brisson, Biarritzeko kontseilaria, Pirinio Atlantikoetako kontseiluko presidente ordea. Les R\u00e9publicains alderdiko 64ko presidentea<\/p>\n<p>Michel Larralde, CFDT Euskal Herriko idazkari nagusia<\/p>\n<p>Jean Lissar, Euskal Herriko berdeen kidea (EELV)<\/p>\n<p>Michel Veunac, Biarritzeko auzapeza, Aturri Euskal Kosta hiriguneko presidente ordea<\/p>\n<p>Daniel Ol\u00e7omendi, Izurako auzapeza<\/p>\n<p>Claude Iriart, Baionako hautetsia<\/p>\n<p>Andr\u00e9e Etcheverrya, Ozazeko auzapeza<\/p>\n<p>Alice Lyciague\u00e7ahar, Berdeen eskualdeko kontseilaria (EELV)<\/p>\n<p>Martine Bisauta, Baionako axuanta, garapen iraunkorraz eta hirigintzaz arduratzen dena<\/p>\n<p>Sandrine Derville, eskualdeko kontseilaria<\/p>\n<p>Alain Iriart, Hiriburuko auzapeza eta departamenduko kontseilaria<\/p>\n<p>Isabelle Pargade, departamenduko kontseilaria<\/p>\n<p>Antton Curutchary, Baigorriko axuanta<\/p>\n<p>Emilie Dutoya, eskualdeko kontseilaria PS<\/p>\n<p>Fred Tranche, Hendaiako axuanta<\/p>\n<p>Sandrine Kehrig Cottencon, Hendaiako lehen axuanta<\/p>\n<p>Chantal Darquie, Akitania Berria eskualdeko kontseilaria<\/p>\n<p>Marie Christine Aragon, departamenduko kontseilaria (PS)<\/p>\n<p>Andde Ste Marie, departamenduko kontseilaria (PS)<\/p>\n<p><a href=\"https:\/\/www.bakebidea.com\/wp-content\/uploads\/2016\/10\/tirets.jpg\"><img loading=\"lazy\" decoding=\"async\" class=\"size-medium wp-image-4370 aligncenter\" src=\"https:\/\/www.bakebidea.com\/wp-content\/uploads\/2016\/10\/tirets-300x29.jpg\" alt=\"tirets\" width=\"300\" height=\"29\" srcset=\"https:\/\/www.bakebidea.com\/wp-content\/uploads\/2016\/10\/tirets-300x29.jpg 300w, https:\/\/www.bakebidea.com\/wp-content\/uploads\/2016\/10\/tirets-768x73.jpg 768w, https:\/\/www.bakebidea.com\/wp-content\/uploads\/2016\/10\/tirets-870x88.jpg 870w, https:\/\/www.bakebidea.com\/wp-content\/uploads\/2016\/10\/tirets.jpg 923w\" sizes=\"(max-width: 300px) 100vw, 300px\" \/><\/a><\/p>\n<h1 style=\"text-align: center;\"><\/h1>\n<h1 style=\"text-align: center;\"><span style=\"color: #0d6985;\">Declaraci\u00f3n \u00e0 la intenci\u00f3n de los estados franc\u00e9s y espa\u00f1ol, de las instituciones p\u00fablicas y a las ciudadanas y ciudadanos del conjunto del Pa\u00eds Vasco<\/span><\/h1>\n<p>&nbsp;<\/p>\n<p>&nbsp;<\/p>\n<p>5 personas han sido detenidas anoche mientras destru\u00edan una parte del arsenal de ETA.<\/p>\n<p>Nosotros, electos del Pa\u00eds Vasco, de todas las sensibilidades pol\u00edticas, nos sentimos interpelados por estas detenciones puesto que se trata de personalidades conocidas por todos, cuyo compromiso en favor de la paz es incontestable.<\/p>\n<p>Podemos dar testimonio de ello.<\/p>\n<p>Hemos tenido conocimiento de que esta operaci\u00f3n de destrucci\u00f3n se enmarcaba en una gesti\u00f3n iniciada hace 5 a\u00f1os en Aiete, y retomada desde hace varias semanas por estas personalidades, decididas a paliar la falta de implicaci\u00f3n de los estados franc\u00e9s y espa\u00f1ol, y a hacerse cargo, en tanto que sociedad civil, de la destrucci\u00f3n de las armas de la organizaci\u00f3n ETA.<\/p>\n<p>Porque queremos contribuir a un futuro democr\u00e1tico y sin violencia para el Pa\u00eds Vasco<\/p>\n<p>Porque tenemos la convicci\u00f3n que este desarme es una condici\u00f3n ineludible cara a poder alcanzar una resoluci\u00f3n definitiva del conflicto,<\/p>\n<p>Porque nos parece fundamental evitar cualquier retorno de la violencia<\/p>\n<p>Porque nos parece necesario tener en cuenta la situaci\u00f3n de los prisioneros y el sufrimiento de todas las victimas<\/p>\n<p>Nosotros, electos del Pa\u00eds Vasco mostramos nuestro apoyo colectivo a las personas arrestadas.<\/p>\n<p>Nosotros, electos del Pa\u00eds Vasco, advertimos a los estados franc\u00e9s y espa\u00f1ol, de que adem\u00e1s de las personalidades arrestadas, otros actores de la sociedad civil est\u00e1n dispuestos a tomar el relevo, puesto que el deseo de paz en el Pa\u00eds Vasco es grande.<\/p>\n<p>Nosotros, electos del Pa\u00eds Vasco, pedimos a los estados franc\u00e9s y espa\u00f1ol que se impliquen en el proceso de desarme y en la resoluci\u00f3n global del conflicto.<\/p>\n<p>&nbsp;<\/p>\n<p>A Bayona, el 17 de diciembre de 2016<\/p>\n<p>&nbsp;<\/p>\n<h2><span style=\"color: #0d6985;\">Firmantes de la declaracion\u00a0:<\/span><\/h2>\n<p>Sylviane Allaux, diputada socialista de los Pirineos-Atl\u00e1nticos<\/p>\n<p>Colette Capdevielle, diputada socialista de los Pirineos-Atl\u00e1nticos<\/p>\n<p>Fr\u00e9derique Espagnac, senadora socialista de los Pirineos-Atl\u00e1nticos<\/p>\n<p>Jean-Ren\u00e9 Etchegaray, alcalde de Bayona (centrista).<\/p>\n<p>Kotte Ecenarro, alcalde de Hendaya &#8211; Consejero del departamento de los Pirineos-Atl\u00e1nticos (PS)<\/p>\n<p>Max Brisson, Consejero municipal de Biarritz, Primer Vice-presidente del Consejo del departamento de los Pirineos-Atl\u00e1nticos. Presidente del grupo LR del departamento de los Pirineos-Atl\u00e1nticos<\/p>\n<p>Michel Larralde, secretario general del sindicato CFDT Pa\u00eds Vasco<\/p>\n<p>Jean Lissar, miembro de los Verdes (EELV) del Pa\u00eds vasco.<\/p>\n<p>Michel Veunac, Alcalde de Biarritz, 1er Vice-Presidente de la Mancomunidad C\u00f4te Basque Adour<\/p>\n<p>Daniel Ol\u00e7omendi, alcalde de Ostabat<\/p>\n<p>Jean Claude Iriart, Consejero municipal de Bayona<\/p>\n<p>Andr\u00e9e Etcheverrya, Alcalde de Ossas-Suhas<\/p>\n<p>Alice Lyciague\u00e7ahar, Consejera regional (ELLV)<\/p>\n<p>Martine Bisauta, Alcalde-adjunta de Bayona responsable del Desarrollo duradero y de las estrategias urbanas.<\/p>\n<p>Sandrine Derville, Consejera regional<\/p>\n<p>Alain Iriart, alcalde de St Pierre d&rsquo;Irube y Consejero departamental<\/p>\n<p>Isabelle Pargade, Consejera departamental<\/p>\n<p>Antton Curutchary, Alcalde-adjunto de \u00a0St Etienne de Baigorry<\/p>\n<p>Emilie Dutoya, Consejera regional (PS)<\/p>\n<p>Fred Tranche, Alcalde-adjunto de Hendaia<\/p>\n<p>Sandrine Kehrig Cottencon, 1era adjunta de Hendaia<\/p>\n<p>Chantal Darquie, Consejera regional Nouvelle Aquitaine<\/p>\n<p>Marie Christine Aragon, Consejera departamental (PS)<\/p>\n<p>Andde Ste Marie, Consejero departamental (PS)<\/p>\n","protected":false},"excerpt":{"rendered":"<p>D\u00e9claration \u00e0 l&rsquo;intention des \u00e9tats fran\u00e7ais et espagnol, des institutions publiques et des citoyennes et des citoyens de l&rsquo;ensemble du Pays Basque &nbsp; 5 personnes ont \u00e9t\u00e9 arr\u00eat\u00e9es hier soir, alors qu&rsquo;elles d\u00e9truisaient une partie de l&rsquo;arsenal d&rsquo;ETA. Nous, \u00e9lus du Pays Basque de toutes sensibilit\u00e9s politiques, sommes interpell\u00e9s par&#8230;<\/p>\n","protected":false},"author":1,"featured_media":0,"parent":0,"menu_order":0,"comment_status":"closed","ping_status":"closed","template":"","meta":{"footnotes":""},"_links":{"self":[{"href":"https:\/\/www.bakebidea.com\/index.php?rest_route=\/wp\/v2\/pages\/4533"}],"collection":[{"href":"https:\/\/www.bakebidea.com\/index.php?rest_route=\/wp\/v2\/pages"}],"about":[{"href":"https:\/\/www.bakebidea.com\/index.php?rest_route=\/wp\/v2\/types\/page"}],"author":[{"embeddable":true,"href":"https:\/\/www.bakebidea.com\/index.php?rest_route=\/wp\/v2\/users\/1"}],"replies":[{"embeddable":true,"href":"https:\/\/www.bakebidea.com\/index.php?rest_route=%2Fwp%2Fv2%2Fcomments&post=4533"}],"version-history":[{"count":3,"href":"https:\/\/www.bakebidea.com\/index.php?rest_route=\/wp\/v2\/pages\/4533\/revisions"}],"predecessor-version":[{"id":4563,"href":"https:\/\/www.bakebidea.com\/index.php?rest_route=\/wp\/v2\/pages\/4533\/revisions\/4563"}],"wp:attachment":[{"href":"https:\/\/www.bakebidea.com\/index.php?rest_route=%2Fwp%2Fv2%2Fmedia&parent=4533"}],"curies":[{"name":"wp","href":"https:\/\/api.w.org\/{rel}","templated":true}]}}