{"id":3170,"date":"2016-07-20T15:11:43","date_gmt":"2016-07-20T13:11:43","guid":{"rendered":"https:\/\/www.bakebidea.com\/?page_id=3170"},"modified":"2021-02-26T10:44:10","modified_gmt":"2021-02-26T09:44:10","slug":"multimedia","status":"publish","type":"page","link":"https:\/\/www.bakebidea.com\/?page_id=3170","title":{"rendered":"Multimedia"},"content":{"rendered":"<h1 style=\"text-align: center;\"><span style=\"color: #0d6985;\">MULTIMEDIA<\/span><\/h1>\n<h2><\/h2>\n<p>&nbsp;<\/p>\n<h2><span style=\"color: #fda533;\">LA CONFERENCE INTERNATIONALE D&rsquo;AIETE &#8211;\u00a0 2011<br \/>\n<\/span><\/h2>\n<hr \/>\n<p>&nbsp;<\/p>\n<p><iframe loading=\"lazy\" src=\"https:\/\/www.youtube.com\/embed\/THoQAwGLcDw\" width=\"560\" height=\"315\" frameborder=\"0\" allowfullscreen=\"allowfullscreen\"><\/iframe><\/p>\n<p>&nbsp;<\/p>\n<h2><span style=\"color: #fda533;\">LE FORUM SOCIAL POUR IMPULSER\u00a0 LE PROCESSUS DE PAIX &#8211; 2013-2014-2016<br \/>\n<\/span><\/h2>\n<hr \/>\n<h4><span style=\"color: #fda533;\"><strong>Edition 2013<\/strong><\/span><\/h4>\n<ul>\n<li><span style=\"color: #0d6985;\"><span style=\"text-decoration: underline; color: #3366ff;\"><a style=\"color: #3366ff; text-decoration: underline;\" href=\"https:\/\/www.bakebidea.com\/?page_id=3710\">Pr\u00e9sentation des recommandations pour impulser le processus de paix <\/a><\/span><br \/>\n<\/span><\/li>\n<\/ul>\n<h4><span style=\"color: #fda533;\"><strong>Edition 2014<\/strong><\/span><\/h4>\n<ul>\n<li><span style=\"text-decoration: underline; color: #3366ff;\"><a style=\"color: #3366ff; text-decoration: underline;\" href=\"https:\/\/www.bakebidea.com\/?page_id=3703\">Participation de la soci\u00e9t\u00e9 civile<\/a><\/span><\/li>\n<li><span style=\"text-decoration: underline;\"><span style=\"color: #3366ff; text-decoration: underline;\"><a style=\"color: #3366ff; text-decoration: underline;\" href=\"https:\/\/www.bakebidea.com\/?page_id=3699\">R\u00e9insertion des prisonnier.e.s et des exil\u00e9.e.<\/a><\/span><strong><a href=\"https:\/\/www.bakebidea.com\/?page_id=3699\"><span style=\"color: #0d6985; text-decoration: underline;\"><span style=\"color: #3366ff; text-decoration: underline;\">s<\/span><\/span><\/a><\/strong><\/span><\/li>\n<\/ul>\n<h4><span style=\"color: #fda533;\"><strong>Edition 2016<\/strong><\/span><\/h4>\n<ul>\n<li><span style=\"text-decoration: underline; color: #3366ff;\"><a style=\"color: #3366ff; text-decoration: underline;\" href=\"https:\/\/www.bakebidea.com\/?page_id=3716\">Analyse du processus de paix colombien <\/a><\/span><\/li>\n<li><span style=\"text-decoration: underline;\"><a href=\"https:\/\/www.bakebidea.com\/?page_id=3716\"><span style=\"color: #0d6985; text-decoration: underline;\"><span style=\"color: #3366ff; text-decoration: underline;\">La participation de la soci\u00e9t\u00e9 civile dans une processus de d\u00e9sarmement<\/span><\/span><\/a><\/span><\/li>\n<\/ul>\n<p>&nbsp;<\/p>\n<p>&nbsp;<\/p>\n<h2><span style=\"color: #fda533;\">LA CONFERENCE HUMANITAIRE POUR LA PAIX AU PAYS BASQUE &#8211; 2015<\/span><\/h2>\n<hr \/>\n<p>&nbsp;<\/p>\n<ul style=\"list-style-type: disc;\">\n<li><span style=\"text-decoration: underline; color: #3366ff;\"><a style=\"color: #3366ff; text-decoration: underline;\" href=\"https:\/\/www.bakebidea.com\/?page_id=2351\">Mots d&rsquo;accueil \/ Gen\u00e8se et \u00e9tat des lieux du processus de paix au Pays Basque<\/a><\/span><\/li>\n<li><span style=\"text-decoration: underline; color: #3366ff;\"><a style=\"color: #3366ff; text-decoration: underline;\" href=\"https:\/\/www.bakebidea.com\/?page_id=2353\">R\u00e9conciliation et vivre-ensemble:la place des victimes dans les processus de paix<\/a><\/span><\/li>\n<li><span style=\"text-decoration: underline; color: #3366ff;\"><a style=\"color: #3366ff; text-decoration: underline;\" href=\"https:\/\/www.bakebidea.com\/?page_id=2357\">Les prisonnier.e.s dans les processus de paix: enjeux et r\u00f4le<\/a><\/span><\/li>\n<li><span style=\"text-decoration: underline;\"><span style=\"color: #0d6985; text-decoration: underline;\"><a style=\"color: #0d6985; text-decoration: underline;\" href=\"https:\/\/www.bakebidea.com\/?page_id=2359\"><span style=\"color: #3366ff; text-decoration: underline;\">Synth\u00e8se des travaux, lecture du manifeste et mot de cl\u00f4ture<\/span><\/a><\/span><\/span><\/li>\n<\/ul>\n<h2><\/h2>\n<p>&nbsp;<\/p>\n<h2 class=\"title style-scope ytd-video-primary-info-renderer\"><span style=\"color: #ff9900;\">UN GROUPE DE JURISTES POUR LA PAIX AU PAYS BASQUE- 2016<\/span><\/h2>\n<hr \/>\n<p><iframe loading=\"lazy\" width=\"900\" height=\"506\" src=\"https:\/\/www.youtube.com\/embed\/n51v_LvaIuk?feature=oembed\" frameborder=\"0\" allow=\"accelerometer; autoplay; clipboard-write; encrypted-media; gyroscope; picture-in-picture\" allowfullscreen><\/iframe><\/p>\n<h2><\/h2>\n<h2><\/h2>\n<h2><span style=\"color: #fda533;\">FORUM : LE D\u00c9SARMEMENT AU SERVICE DU PROCESSUS DE PAIX- 2017<br \/>\n<\/span><\/h2>\n<hr \/>\n<h3 style=\"text-align: justify;\"><span style=\"color: #0d6985;\">\u00a0<\/span><\/h3>\n<p style=\"text-align: justify;\"><span style=\"color: #3366ff;\">(Son original : eus + fr + cast \/ traductions en cours &#8230;)<\/span><\/p>\n<ul>\n<li><span style=\"text-decoration: underline; color: #3366ff;\"><a style=\"color: #3366ff; text-decoration: underline;\" href=\"https:\/\/www.bakebidea.com\/?page_id=4896\">Le d\u00e9sarmement dans le cadre du\u00a0 processus de paix en Colombie<\/a><\/span><\/li>\n<li><span style=\"text-decoration: underline; color: #3366ff;\"><a style=\"color: #3366ff; text-decoration: underline;\" href=\"https:\/\/www.bakebidea.com\/?page_id=4913\">Les principes d&rsquo;un processus de d\u00e9sarmement<\/a><\/span><\/li>\n<li><span style=\"text-decoration: underline; color: #3366ff;\"><a style=\"color: #3366ff; text-decoration: underline;\" href=\"https:\/\/www.bakebidea.com\/?page_id=4919\">Depuis l&rsquo;initiative des Artisans de la paix \u00e0 Louhossoa: \u00e9tat des lieux et perspectives <\/a><\/span><\/li>\n<li><span style=\"text-decoration: underline;\"><span style=\"color: #0d6985; text-decoration: underline;\"><a style=\"color: #0d6985; text-decoration: underline;\" href=\"https:\/\/www.bakebidea.com\/?page_id=4926\"><span style=\"color: #3366ff; text-decoration: underline;\">Cl\u00f4ture<\/span><\/a><\/span><\/span><\/li>\n<\/ul>\n<p>&nbsp;<\/p>\n<p>&nbsp;<\/p>\n<h2><span style=\"color: #fda533;\">LE D\u00c9SARMEMENT 2017<br \/>\n<\/span><\/h2>\n<hr \/>\n<p>&nbsp;<\/p>\n<ul style=\"list-style-type: disc;\">\n<li style=\"list-style-type: none;\">\n<ul style=\"list-style-type: disc;\">\n<li><span style=\"color: #3366ff;\"><a style=\"color: #3366ff;\" href=\"https:\/\/youtu.be\/4qUglAKF9Ng\">L<span style=\"text-decoration: underline;\">a mobilisation de la soci\u00e9t\u00e9 civile au lendemain de l&rsquo;arrestations des 5 artisan.ne.s de la paix (17 d\u00e9cembre)<\/span><\/a><\/span><\/li>\n<li><span style=\"text-decoration: underline; color: #3366ff;\"><a style=\"color: #3366ff; text-decoration: underline;\" href=\"https:\/\/www.youtube.com\/watch?v=jnfyv67NMXA&amp;t=15s\">Retour du dernier artisan de la paix au Pays Basque (21 d\u00e9cembre)<\/a><\/span><\/li>\n<li><span style=\"color: #3366ff;\"><a style=\"color: #3366ff;\" href=\"https:\/\/youtu.be\/LaLwMXaGqgU\">Remise \u00e0 la Sous Pr\u00e9fecture de Bayonne<\/a><a style=\"color: #3366ff;\" href=\"https:\/\/youtu.be\/LaLwMXaGqgU\"> du courrier adress\u00e9 par plus de 600 \u00e9lu.e.s\u00a0<\/a><a style=\"color: #3366ff;\" href=\"https:\/\/youtu.be\/LaLwMXaGqgU\">au gouvernement sign\u00e9<\/a><\/span><\/li>\n<li><span style=\"color: #3366ff;\"><a style=\"color: #3366ff;\" href=\"https:\/\/www.youtube.com\/embed\/rV3TxUtnKW0\"><span style=\"text-decoration: underline;\">Journ\u00e9e du d\u00e9sarmement organis\u00e9e par les Artisans de la paix\u00a0 (8 avril 2017)\u00a0 (1)<\/span><\/a><\/span><\/li>\n<li><span style=\"color: #0d6985;\"><a href=\"https:\/\/www.youtube.com\/watch?v=HlppYiKt4ls\"><span style=\"text-decoration: underline; color: #0d6985;\"><span style=\"color: #3366ff; text-decoration: underline;\">Journ\u00e9e du d\u00e9sarmement \u00e0 Bayonne organis\u00e9e par les Artisans de la paix (8 avril 2017) (2)<\/span><\/span><\/a><\/span><\/li>\n<\/ul>\n<\/li>\n<\/ul>\n<p>&nbsp;<\/p>\n<h2><span style=\"color: #ff9900;\">ACTEURS CULTURELS POUR LA PAIX 2017<\/span><\/h2>\n<hr \/>\n<ul>\n<li><span style=\"color: #0d6985;\"><a href=\"https:\/\/www.youtube.com\/watch?v=utymiU_DYUA\"><span style=\"color: #0d6985;\"><span style=\"color: #3366ff;\">\u00ab\u00a0HORDAGO\u00a0\u00bb : Le vid\u00e9oclip des acteurs culturels en faveur du processus de paix. 2017 <\/span><\/span><\/a><\/span><\/li>\n<\/ul>\n<div id=\"masthead-container\" class=\"style-scope ytd-app\">\n<div id=\"ticker\" class=\"style-scope ytd-masthead\">\n<div id=\"content\" class=\"style-scope ytd-app\">\n<div id=\"masthead-container\" class=\"style-scope ytd-app\">\n<div id=\"ticker\" class=\"style-scope ytd-masthead\">\n<ul>\n<li class=\"title style-scope ytd-video-primary-info-renderer\"><a href=\"https:\/\/www.youtube.com\/watch?v=iGY3kKMuf9c\"><span style=\"color: #3366ff;\">12 heures pour la paix 30 septembre 2017 Luhoussoa.<\/span><\/a><\/li>\n<\/ul>\n<\/div>\n<\/div>\n<\/div>\n<\/div>\n<\/div>\n<h2><span style=\"color: #ff9900;\">\u00a0<\/span><\/h2>\n<h2><span style=\"color: #ff9900;\">MAINTENANT LES PRISONNIER.E.S\u00a0 PARIS 9 d\u00e9cembre 2017<\/span><\/h2>\n<hr \/>\n<ul>\n<li class=\"title style-scope ytd-video-primary-info-renderer\"><a href=\"https:\/\/www.youtube.com\/watch?v=sxYRiOp0TgI\"><span style=\"color: #3366ff;\">Appel de la Communaut\u00e9 d&rsquo;Agglom\u00e9ration du Pays Basque 23 septembre 2017.<\/span><\/a><\/li>\n<li><span style=\"color: #3366ff;\"><a style=\"color: #3366ff;\" href=\"https:\/\/www.youtube.com\/watch?v=dhPXBc2kO-U\">Christiane Taubira s\u2019engage pour le \u00ab risque de la paix \u00bb au Pays Basque<\/a><\/span><\/li>\n<li><span style=\"color: #3366ff;\"><a style=\"color: #3366ff;\" href=\"https:\/\/www.youtube.com\/watch?v=xUWY-n_ftkg\">Marc Gentilini, artisan de la paix<\/a><\/span><\/li>\n<li><span style=\"color: #3366ff;\"><a style=\"color: #3366ff;\" href=\"https:\/\/www.youtube.com\/watch?v=3JporWbzGhk\">De r\u00e9els obstacles au rapprochement des prisonnier.e.s basques ? Jean-Marie Delarue Contr\u00f4leur g\u00e9n\u00e9ral des lieux de privation de libert\u00e9 ( 2008 &#8211; 2014)<\/a> <\/span><\/li>\n<li><span style=\"color: #3366ff;\"><a style=\"color: #3366ff;\" href=\"https:\/\/www.youtube.com\/watch?v=C2FK5ZlcxuU\">Manifestation Maintenant les Prisonnier.e.s Paris 9 d\u00e9cembre 2017.\u00a0<\/a> <\/span><\/li>\n<\/ul>\n<p>&nbsp;<\/p>\n<p>&nbsp;<\/p>\n<h2><span style=\"color: #ff9900;\">FORUM UN ANS APR\u00c8S LE D\u00c9SARMEMENT : BILAN, ENJEUX ET PERSPECTIVES 7 et 8 avril 2018.\u00a0<\/span><\/h2>\n<hr \/>\n<div id=\"content\" class=\"style-scope ytd-app\">\n<div id=\"masthead-container\" class=\"style-scope ytd-app\">\n<div id=\"ticker\" class=\"style-scope ytd-masthead\">\n<ul>\n<li class=\"title style-scope ytd-video-primary-info-renderer\"><span style=\"color: #3366ff;\"><a style=\"color: #3366ff;\" href=\"https:\/\/www.youtube.com\/watch?v=8Vp3TjrdqQg\">Victimes, souffrance: Faire face au pass\u00e9 pour construire l\u2019avenir. <\/a><\/span><\/li>\n<li class=\"title style-scope ytd-video-primary-info-renderer\"><span style=\"color: #3366ff;\"><a style=\"color: #3366ff;\" href=\"https:\/\/www.youtube.com\/watch?v=TufSFojyWic\">\u00abPrisonnier.e.s basques\u00a0: mesures d\u2019exception et am\u00e9nagements de peine \u00bb<\/a><\/span><\/li>\n<\/ul>\n<div id=\"content\" class=\"style-scope ytd-app\">\n<div id=\"masthead-container\" class=\"style-scope ytd-app\">\n<div id=\"ticker\" class=\"style-scope ytd-masthead\">\n<div id=\"content\" class=\"style-scope ytd-app\">\n<div id=\"masthead-container\" class=\"style-scope ytd-app\">\n<ul>\n<li id=\"ticker\" class=\"style-scope ytd-masthead\"><span style=\"color: #3366ff;\"><a style=\"color: #3366ff;\" href=\"https:\/\/www.youtube.com\/watch?v=FXhmgapWctc\">D\u00e9l\u00e9gation du Pays Basque et le Minist\u00e8re de la justice : bilan et perspectives<\/a><\/span><\/li>\n<li><span style=\"color: #3366ff;\"><a style=\"color: #3366ff;\" href=\"https:\/\/www.youtube.com\/watch?v=pvXQyTgI05s\">Regard sur la question des prisonnier.e.s dans le processus Irlandais .<\/a><\/span><\/li>\n<\/ul>\n<\/div>\n<\/div>\n<\/div>\n<\/div>\n<\/div>\n<\/div>\n<\/div>\n<\/div>\n<div class=\"style-scope ytd-masthead\"><\/div>\n<div><\/div>\n<div>\n<h2><span style=\"color: #ff9900;\">INAUGURATION DE LA SCULPTURE \u00a0\u00bb ARBOLAREN EGIA\u00a0\u00bb 9 avril 2018 Bayonne.<\/span><\/h2>\n<hr \/>\n<\/div>\n<div id=\"content\" class=\"style-scope ytd-app\">\n<div id=\"masthead-container\" class=\"style-scope ytd-app\">\n<ul>\n<li class=\"style-scope ytd-masthead\"><span style=\"color: #3366ff;\"><a style=\"color: #3366ff;\" href=\"https:\/\/www.youtube.com\/watch?v=9wDxU8qsfv0\">Intervention d&rsquo;Anaiz Funosas<\/a><\/span><\/li>\n<li><span style=\"color: #3366ff;\"><a style=\"color: #3366ff;\" href=\"https:\/\/www.youtube.com\/watch?v=kOkaawP_BA0\">Intervention de Mixel Berhocoirigoin<\/a><\/span><\/li>\n<li><a href=\"https:\/\/www.youtube.com\/watch?v=zifqHvZtNaA\"><span style=\"color: #3366ff;\">Intervention du sculpteur Koldobika Jauregi.<\/span><\/a><\/li>\n<li><span style=\"color: #3366ff;\"><a style=\"color: #3366ff;\" href=\"https:\/\/www.youtube.com\/watch?v=2lA6DXsag0o\">Intervention de Jean -Ren\u00e9 Etchegaray maire de Bayonne<\/a><\/span><\/li>\n<li><span style=\"color: #3366ff;\"><a style=\"color: #3366ff;\" href=\"https:\/\/www.youtube.com\/watch?v=Fxh3FR0tReQ\">Intervention de Harold Good<\/a><\/span><\/li>\n<\/ul>\n<\/div>\n<\/div>\n<p>&nbsp;<\/p>\n<h2><span style=\"color: #ff9900;\">D\u00c9CLARATION FINALE D&rsquo;ETA 3 mai 2018<\/span><\/h2>\n<hr \/>\n<ul>\n<li><a href=\"https:\/\/www.naiz.eus\/eu\/mediateca\/video\/declaration-finale-d-eta-au-peuple-basque-josu-urrutikoetxea\"><span style=\"color: #3366ff;\">Audio de la d\u00e9claration finale lu par Josu Urrutikoetxea le 3 mai 2018. <\/span><\/a><\/li>\n<\/ul>\n<p>&nbsp;<\/p>\n<h2><span style=\"color: #ff9900;\">RENCONTRE INTERNATIONALE D&rsquo;ARNAGA 4 mai 2018<\/span><\/h2>\n<hr \/>\n<div id=\"content\" class=\"style-scope ytd-app\">\n<div id=\"masthead-container\" class=\"style-scope ytd-app\">\n<p>&nbsp;<\/p>\n<p><iframe loading=\"lazy\" width=\"900\" height=\"506\" src=\"https:\/\/www.youtube.com\/embed\/5B6HJkJoUDQ?feature=oembed\" frameborder=\"0\" allow=\"accelerometer; autoplay; clipboard-write; encrypted-media; gyroscope; picture-in-picture\" allowfullscreen><\/iframe><\/p>\n<p>&nbsp;<\/p>\n<\/div>\n<\/div>\n<p>&nbsp;<\/p>\n<h2><span style=\"color: #ff9900;\">MOBILISATION \u00ab\u00a0MAINTENANT LES PRISONNIER.E.S\u00a0\u00bb 2019<\/span><\/h2>\n<hr \/>\n<p>&nbsp;<\/p>\n<ul>\n<li><span style=\"color: #3366ff;\"><a style=\"color: #3366ff;\" href=\"https:\/\/www.youtube.com\/watch?v=Aw5Mhwnhb8M\">Manifestation \u00ab\u00a0Maintenant les prisonnier.e.s\u00a0\u00bb , 12 janvier 2019 Bayonne.<\/a> <\/span><\/li>\n<li><span style=\"color: #3366ff;\"><a style=\"color: #3366ff;\" href=\"https:\/\/www.youtube.com\/watch?v=mRjiY5QTFa8\">Cha\u00eene humaine \u00a0\u00bb Maintenant les prisonner.e.s\u00a0\u00bb, 7 juin 2019 Biarritz.<\/a> <\/span><\/li>\n<\/ul>\n<p>&nbsp;<\/p>\n<h2><span style=\"color: #ff9900;\">RENCONTRE POUR CONSTRUIRE NOTRE VIVRE ENSEMBLE 6 juin 2019<\/span><\/h2>\n<hr \/>\n<ul>\n<li><span style=\"color: #3366ff;\"><a style=\"color: #3366ff;\" href=\"https:\/\/www.youtube.com\/watch?v=YZUbMpvtHfE\">Mots d&rsquo;accueil\u00a0Michel Veunac et Michel Berhocoirigoin.<\/a> <\/span><\/li>\n<li><span style=\"color: #3366ff;\"><a style=\"color: #3366ff;\" href=\"https:\/\/www.youtube.com\/watch?v=j8MwmnelQA8\">Christiane TAUBIRA.<\/a> <\/span><\/li>\n<li><span style=\"color: #3366ff;\"><a style=\"color: #3366ff;\" href=\"https:\/\/www.youtube.com\/watch?v=beX59GwnpKI\">Parcours crois\u00e9s sur le chemin de la paix au Pays Basque.<\/a><\/span><\/li>\n<li>\n<div id=\"watch7-content\" class=\"watch-main-col\">\n<div id=\"watch7-content\" class=\"watch-main-col\">\n<p><a href=\"https:\/\/www.youtube.com\/watch?v=AWXF9UPuNBA\"><span style=\"color: #3366ff;\">\u00ab\u00a0Vivre ensemble, notre d\u00e9fi\u00a0\u00bb par Michel Camdessus.<\/span><\/a><\/p>\n<\/div>\n<\/div>\n<p>&nbsp;<\/li>\n<\/ul>\n<h2><span style=\"color: #ff9900;\">PROCESSUS DE PAIX EN PAYS BASQUE \u00e9t\u00e9 2019<\/span><\/h2>\n<hr \/>\n<p>&nbsp;<\/p>\n<p><iframe loading=\"lazy\" width=\"900\" height=\"506\" src=\"https:\/\/www.youtube.com\/embed\/b1B25eN8x4o?feature=oembed\" frameborder=\"0\" allow=\"accelerometer; autoplay; clipboard-write; encrypted-media; gyroscope; picture-in-picture\" allowfullscreen><\/iframe><\/p>\n<p>&nbsp;<\/p>\n<p>&nbsp;<\/p>\n<h2><span style=\"color: #ff9900;\">MOBILISATIONS \u00ab\u00a0MAINTENANT LES PRISONNIER.E.S 2020<\/span><\/h2>\n<hr \/>\n<ul>\n<li><span style=\"color: #3366ff;\"><a style=\"color: #3366ff;\" href=\"http:\/\/www.artisansdelapaix.eus\/wp-content\/uploads\/2020\/05\/83041859_1275181202666023_2243705737362538496_n.mp4\">Manifestation \u00a0\u00bb Maintenant les prisonnier.e.s\u00a0\u00bb 11 janvier 2020 Bayonne.<\/a> <\/span><\/li>\n<li><span style=\"color: #3366ff;\"><a style=\"color: #3366ff;\" href=\"https:\/\/www.youtube.com\/watch?v=0vVWkz_8Xuk&amp;t=2s\">\u00ab\u00a0Accomplir sa peine jusqu&rsquo;\u00e0 la mort 30 ans \u00e7a suffit \u00a0\u00bb journ\u00e9e de mobilisation 19 septembre 2020.<\/a> <\/span><\/li>\n<\/ul>\n<p>&nbsp;<\/p>\n<h2><span style=\"color: #ff9900;\">MOBILISATIONS \u00ab\u00a0MAINTENANT LES PRISONNIER.E.S 2021<\/span><\/h2>\n<hr \/>\n<p>&nbsp;<\/p>\n<ul>\n<li><span style=\"color: #3366ff;\"><a style=\"color: #3366ff;\" href=\"https:\/\/www.youtube.com\/watch?v=4LluXy9jo08\">Cha\u00eene humaine \u00a0\u00bb Argi dugu \u00a0\u00bb 9 janvier 2021 Bayonne.<\/a> <\/span><\/li>\n<\/ul>\n","protected":false},"excerpt":{"rendered":"<p>MULTIMEDIA &nbsp; LA CONFERENCE INTERNATIONALE D&rsquo;AIETE &#8211;\u00a0 2011 &nbsp; &nbsp; LE FORUM SOCIAL POUR IMPULSER\u00a0 LE PROCESSUS DE PAIX &#8211; 2013-2014-2016 Edition 2013 Pr\u00e9sentation des recommandations pour impulser le processus de paix Edition 2014 Participation de la soci\u00e9t\u00e9 civile R\u00e9insertion des prisonnier.e.s et des exil\u00e9.e.s Edition 2016 Analyse du processus&#8230;<\/p>\n","protected":false},"author":1,"featured_media":0,"parent":0,"menu_order":0,"comment_status":"closed","ping_status":"closed","template":"","meta":{"footnotes":""},"_links":{"self":[{"href":"https:\/\/www.bakebidea.com\/index.php?rest_route=\/wp\/v2\/pages\/3170"}],"collection":[{"href":"https:\/\/www.bakebidea.com\/index.php?rest_route=\/wp\/v2\/pages"}],"about":[{"href":"https:\/\/www.bakebidea.com\/index.php?rest_route=\/wp\/v2\/types\/page"}],"author":[{"embeddable":true,"href":"https:\/\/www.bakebidea.com\/index.php?rest_route=\/wp\/v2\/users\/1"}],"replies":[{"embeddable":true,"href":"https:\/\/www.bakebidea.com\/index.php?rest_route=%2Fwp%2Fv2%2Fcomments&post=3170"}],"version-history":[{"count":10,"href":"https:\/\/www.bakebidea.com\/index.php?rest_route=\/wp\/v2\/pages\/3170\/revisions"}],"predecessor-version":[{"id":5758,"href":"https:\/\/www.bakebidea.com\/index.php?rest_route=\/wp\/v2\/pages\/3170\/revisions\/5758"}],"wp:attachment":[{"href":"https:\/\/www.bakebidea.com\/index.php?rest_route=%2Fwp%2Fv2%2Fmedia&parent=3170"}],"curies":[{"name":"wp","href":"https:\/\/api.w.org\/{rel}","templated":true}]}}