{"id":2357,"date":"2015-06-29T11:26:05","date_gmt":"2015-06-29T09:26:05","guid":{"rendered":"https:\/\/www.bakebidea.com\/?page_id=2357"},"modified":"2016-08-29T10:35:21","modified_gmt":"2016-08-29T08:35:21","slug":"les-prisonnier-e-s-dans-un-processus-de-paix-enjeux-et-role","status":"publish","type":"page","link":"https:\/\/www.bakebidea.com\/?page_id=2357","title":{"rendered":"LES PRISONNIER-E-S DANS UN PROCESSUS DE PAIX: ENJEUX ET ROLE"},"content":{"rendered":"<h5 style=\"text-align: left;\">Conf\u00e9rence humanitaire pour la paix au Pays Basque, 11\/06\/2015, Paris<\/h5>\n<h1 style=\"text-align: center;\"><\/h1>\n<h1 style=\"text-align: center;\"><\/h1>\n<h1 style=\"text-align: center;\"><\/h1>\n<h1 style=\"text-align: center;\"><span style=\"color: #167591;\">LES PRISONNIER-E-S DANS UN PROCESSUS DE PAIX: ENJEUX ET ROLE<\/span><\/h1>\n<p>&nbsp;<\/p>\n<hr \/>\n<h3 style=\"text-align: justify;\"><\/h3>\n<h3 style=\"text-align: justify;\"><\/h3>\n<h3 style=\"text-align: justify;\"><\/h3>\n<h3 style=\"text-align: justify;\"><span style=\"color: #eba823;\">Expos\u00e9 introductif<\/span><\/h3>\n<h4 style=\"text-align: justify;\"><span style=\"color: #167591;\"> <strong>Raymond Kendall<\/strong>, Secr\u00e9taire g\u00e9n\u00e9ral d\u2019honneur d\u2019INTERPOL, apr\u00e8s en avoir \u00e9t\u00e9 le Secr\u00e9taire g\u00e9n\u00e9ral de 1985 \u00e0 2000<\/span><\/h4>\n<p>&nbsp;<\/p>\n<p>&nbsp;<\/p>\n<p><iframe loading=\"lazy\" src=\"https:\/\/www.youtube.com\/embed\/_a2ayTZ_0l8\" width=\"560\" height=\"315\" frameborder=\"0\" allowfullscreen=\"allowfullscreen\"><\/iframe><\/p>\n<p>&nbsp;<\/p>\n<p>&nbsp;<\/p>\n<h3 style=\"text-align: justify;\"><span style=\"color: #eba823;\">Le r\u00f4le et l\u2019apport des prisonniers dans le processus de paix irlandais <\/span><\/h3>\n<h4 style=\"text-align: justify;\"><span style=\"color: #167591;\"><strong>Gerard \u00abGerry \u00bb Kelly<\/strong>, membre de l\u2019Ex\u00e9cutif National du Sinn Fein et d\u00e9put\u00e9 \u00e0 l\u2019Assembl\u00e9e d\u2019Irlande du Nord<\/span><\/h4>\n<p>&nbsp;<\/p>\n<p>&nbsp;<\/p>\n<p><iframe loading=\"lazy\" src=\"https:\/\/www.youtube.com\/embed\/9gvauSW-imA\" width=\"560\" height=\"315\" frameborder=\"0\" allowfullscreen=\"allowfullscreen\"><\/iframe><\/p>\n<p>&nbsp;<\/p>\n<h3><\/h3>\n<h3><\/h3>\n<h3 style=\"text-align: justify;\"><span style=\"color: #eba823;\">Les prisonniers basques : \u00e9tat des lieux, r\u00e9flexions et apports <\/span><\/h3>\n<h4 style=\"text-align: justify;\"><span style=\"color: #167591;\"><strong>Gabi Mouesca<\/strong>, ex-prisonnier basque, ancien Pr\u00e9sident de l\u2019Observatoire International des Prisons (OIP), Co-pr\u00e9sident du Comit\u00e9 des Droits de l\u2019Homme au Pays Basque (CDDHPB)<\/span><\/h4>\n<p>&nbsp;<\/p>\n<p>&nbsp;<\/p>\n<p>&nbsp;<\/p>\n<p><iframe loading=\"lazy\" src=\"https:\/\/www.youtube.com\/embed\/qRZeFVEcdQM\" width=\"560\" height=\"315\" frameborder=\"0\" allowfullscreen=\"allowfullscreen\"><\/iframe><\/p>\n<p>&nbsp;<\/p>\n<p>&nbsp;<\/p>\n<h3 style=\"text-align: justify;\"><span style=\"color: #eba823;\">De l\u2019exp\u00e9rience Irlandaise \u00e0 la r\u00e9alit\u00e9 du Pays Basqu<strong>e<\/strong> <\/span><\/h3>\n<h4 style=\"text-align: justify;\"><span style=\"color: #167591;\"><strong>Brian Currin<\/strong>, avocat, sp\u00e9cialiste des droits humains, de la transformation des conflits et des processus de paix, animateur du Groupe International de Contact<\/span><\/h4>\n<p>&nbsp;<\/p>\n<p>&nbsp;<\/p>\n<p><iframe loading=\"lazy\" src=\"https:\/\/www.youtube.com\/embed\/wrXPQjBLYjY\" width=\"560\" height=\"315\" frameborder=\"0\" allowfullscreen=\"allowfullscreen\"><\/iframe><\/p>\n<p>&nbsp;<\/p>\n","protected":false},"excerpt":{"rendered":"<p>Conf\u00e9rence humanitaire pour la paix au Pays Basque, 11\/06\/2015, Paris LES PRISONNIER-E-S DANS UN PROCESSUS DE PAIX: ENJEUX ET ROLE &nbsp; Expos\u00e9 introductif Raymond Kendall, Secr\u00e9taire g\u00e9n\u00e9ral d\u2019honneur d\u2019INTERPOL, apr\u00e8s en avoir \u00e9t\u00e9 le Secr\u00e9taire g\u00e9n\u00e9ral de 1985 \u00e0 2000 &nbsp; &nbsp; &nbsp; &nbsp; Le r\u00f4le et l\u2019apport des prisonniers&#8230;<\/p>\n","protected":false},"author":1,"featured_media":0,"parent":0,"menu_order":0,"comment_status":"closed","ping_status":"open","template":"","meta":{"footnotes":""},"_links":{"self":[{"href":"https:\/\/www.bakebidea.com\/index.php?rest_route=\/wp\/v2\/pages\/2357"}],"collection":[{"href":"https:\/\/www.bakebidea.com\/index.php?rest_route=\/wp\/v2\/pages"}],"about":[{"href":"https:\/\/www.bakebidea.com\/index.php?rest_route=\/wp\/v2\/types\/page"}],"author":[{"embeddable":true,"href":"https:\/\/www.bakebidea.com\/index.php?rest_route=\/wp\/v2\/users\/1"}],"replies":[{"embeddable":true,"href":"https:\/\/www.bakebidea.com\/index.php?rest_route=%2Fwp%2Fv2%2Fcomments&post=2357"}],"version-history":[{"count":10,"href":"https:\/\/www.bakebidea.com\/index.php?rest_route=\/wp\/v2\/pages\/2357\/revisions"}],"predecessor-version":[{"id":3461,"href":"https:\/\/www.bakebidea.com\/index.php?rest_route=\/wp\/v2\/pages\/2357\/revisions\/3461"}],"wp:attachment":[{"href":"https:\/\/www.bakebidea.com\/index.php?rest_route=%2Fwp%2Fv2%2Fmedia&parent=2357"}],"curies":[{"name":"wp","href":"https:\/\/api.w.org\/{rel}","templated":true}]}}