{"id":1973,"date":"2015-04-20T09:44:20","date_gmt":"2015-04-20T07:44:20","guid":{"rendered":"https:\/\/www.bakebidea.com\/?page_id=1973"},"modified":"2016-12-02T10:56:03","modified_gmt":"2016-12-02T09:56:03","slug":"conference-humanitaire-pour-la-paix-au-pays-basque","status":"publish","type":"page","link":"https:\/\/www.bakebidea.com\/?page_id=1973","title":{"rendered":"Conf\u00e9rence humanitaire pour la paix au Pays Basque (11\/06\/2015, Paris)"},"content":{"rendered":"<h1 style=\"text-align: center;\"><span style=\"color: #065970;\"><span style=\"color: #0d6985;\">Conf\u00e9rence humanitaire pour la paix au Pays Basque<\/span> <\/span><\/h1>\n<h5 style=\"text-align: center;\"><span style=\"color: #0d6985;\">2015 &#8211; Paris<\/span><\/h5>\n<p>&nbsp;<\/p>\n<p style=\"text-align: center;\"><span style=\"color: #fda533;\">\u00a0Co-organis\u00e9e avec le GIC, la Fondation Berghof, Conciliation Resources, la Ligue des Droits de l&rsquo;Homme et El foro social por la paz<\/span><\/p>\n<p>&nbsp;<\/p>\n<p style=\"text-align: justify;\"><img loading=\"lazy\" decoding=\"async\" class=\"aligncenter wp-image-3266 size-large\" src=\"https:\/\/www.bakebidea.com\/wp-content\/uploads\/2015\/04\/IMG_7282-1024x563.jpg\" alt=\"IMG_7282\" width=\"900\" height=\"495\" \/><\/p>\n<p>&nbsp;<\/p>\n<p style=\"text-align: justify;\"><span style=\"color: #333333;\">La Conf\u00e9rence humanitaire pour la paix au Pays Basque s&rsquo;est d\u00e9roul\u00e9e le 11 juin 2015 \u00e0 l&rsquo;Assembl\u00e9e Nationale (Salle Victoir Hugo).<br \/>\n<\/span><\/p>\n<p>&nbsp;<\/p>\n<p style=\"text-align: justify;\"><span style=\"color: #333333;\">L&rsquo;organisation de cette conf\u00e9rence a \u00e9t\u00e9 due aux<span style=\"color: #fda533;\"><a style=\"color: #fda533;\" href=\"https:\/\/www.bakebidea.com\/wp-content\/uploads\/2015\/04\/Etat-de-lieux-du-processus-de-paix-au-Pays-Basque.pdf\"> conditions in\u00e9dites connues <\/a><a style=\"color: #fda533;\" href=\"https:\/\/www.bakebidea.com\/wp-content\/uploads\/2015\/04\/Etat-de-lieux-du-processus-de-paix-au-Pays-Basque.pdf\">depuis 4ans<\/a> aux Pays Basque <\/span>pour trouver au conflit basque une solution d\u00e9mocratique, pacifique, et qui prenne en compte toutes les parties du conflit.<\/span><\/p>\n<h1><span style=\"color: #ffffff;\">\u00a0<\/span><\/h1>\n<ul>\n<li style=\"text-align: justify;\"><span style=\"color: #333333;\">En effet, la communaut\u00e9 internationale s\u2019est engag\u00e9e depuis 2011 \u00e0 accompagner ce processus de r\u00e9solution. Elle a propos\u00e9 une feuille route \u00e0 laquelle le groupe arm\u00e9 ETA a r\u00e9pondu par l\u2019arr\u00eat d\u00e9finitif de sa lutte arm\u00e9e et la volont\u00e9 de dialoguer avec les Etats fran\u00e7ais et espagnol.<\/span><\/li>\n<\/ul>\n<ul>\n<li style=\"text-align: justify;\"><span style=\"color: #333333;\">Depuis ces deux \u00e9v\u00e9nements majeurs, le soutien de la communaut\u00e9 internationale et de la soci\u00e9t\u00e9 civile du Pays Basque en faveur du processus n\u2019a fait que se renforcer et se diversifier.<\/span><\/li>\n<li style=\"text-align: justify;\"><span style=\"color: #333333;\">Au niveau local, la majorit\u00e9 des composantes de la classe politique s\u2019accorde sur la n\u00e9cessit\u00e9 d\u2019une r\u00e9solution d\u00e9mocratique de ce conflit et continue de travailler en ce sens. Ceux parmi eux qui ont particip\u00e9 \u00e0 la Conf\u00e9rence d\u2019Aiete ont pr\u00e9sent\u00e9 en 2014 une d\u00e9claration commune allant dans ce sens.<\/span><\/li>\n<\/ul>\n<ul>\n<ul>\n<li style=\"text-align: justify;\"><span style=\"color: #333333;\">De m\u00eame, la soci\u00e9t\u00e9 civile est de plus en plus sensibilis\u00e9e et mobilis\u00e9e et, depuis la cr\u00e9ation de notre mouvement civil, nous nous sommes ainsi retrouv\u00e9s \u00e0 maintes reprises lors de l\u2019organisation de forums pour la paix, de d\u00e9bats publics ou encore de r\u00e9unions, pour affirmer la n\u00e9cessit\u00e9 d&rsquo;avancer sur le chemin de la r\u00e9solution du conflit.<\/span><\/li>\n<\/ul>\n<\/ul>\n<h1><span style=\"color: #ffffff;\">\u00a0<\/span><\/h1>\n<p style=\"text-align: justify;\"><span style=\"color: #333333;\">Forts de ces avanc\u00e9es et conscients du chemin qui reste encore \u00e0 parcourir,nous avons voulu t\u00e9moigner de cette situation, sur Paris, en organisant une Conf\u00e9rence humanitaire pour la paix au Pays Basque ouverte \u00e0 toutes les structures de la soci\u00e9t\u00e9 civile du Pays Basque Nord et de Paris.<\/span><\/p>\n<p><iframe loading=\"lazy\" src=\"https:\/\/www.youtube.com\/embed\/gcBHcNv1IQE\" width=\"560\" height=\"315\" frameborder=\"0\" allowfullscreen=\"allowfullscreen\"><\/iframe><\/p>\n<p style=\"text-align: justify;\"><span style=\"color: #333333;\">Pour la premi\u00e8re fois, au c\u0153ur de Paris, des parlementaires, des \u00e9lu-e-s ainsi que diverses associations, du Pays basque et de Paris, ont r\u00e9pondu commun\u00e9ment en faveur d\u2019un processus paix au Pays Basque.<\/span><\/p>\n<h1><span style=\"color: #ffffff;\">\u00a0<\/span><\/h1>\n<h1><span style=\"color: #ffffff;\">\u00a0<\/span><\/h1>\n<p style=\"text-align: justify;\"><span style=\"color: #333333;\">La pr\u00e9sentation, par Pierre Joxe, des pas effectu\u00e9s au Pays basque depuis quatre ans en faveur d\u2019une r\u00e9solution d\u00e9mocratique du conflit, \u00e9tay\u00e9e par le t\u00e9moignage des repr\u00e9sentants politiques locaux, J.-J. Lasserre, Fr\u00e9d\u00e9rique Espagnac et de Max Brisson, ont permis de mesurer le chemin parcouru par la soci\u00e9t\u00e9 civile basque depuis la conf\u00e9rence internationale d\u2019Aiete, en 2011.<\/span><\/p>\n<h1><span style=\"color: #ffffff;\">\u00a0<\/span><\/h1>\n<p style=\"text-align: justify;\"><span style=\"color: #333333;\">Suite \u00e0 cette r\u00e9trospective, la Conf\u00e9rence s\u2019est centr\u00e9e sur les cons\u00e9quences du conflit, \u00e0 savoir la question des victimes et des prisonniers, rappelant qu\u2019il reste du chemin \u00e0 parcourir.<\/span><\/p>\n<h1><span style=\"color: #ffffff;\">\u00a0<\/span><\/h1>\n<p style=\"text-align: justify;\"><span style=\"color: #333333;\">L\u2019expos\u00e9 du sp\u00e9cialiste en justice transitionnelle Pierre Hazan, ainsi que les t\u00e9moignages de Roberto Manrique et Axun Lasa, toutes deux victimes dans le cadre du conflit basque, nous ont permis de mesurer les souffrances caus\u00e9es de part et d\u2019autre par le conflit basque, mais \u00e9galement la r\u00e9flexion et le travail communs qui seront n\u00e9cessaires de mener pour trouver les voies du dialogue, de la justice et de la r\u00e9paration.<\/span><\/p>\n<h1><span style=\"color: #ffffff;\">\u00a0<\/span><\/h1>\n<p style=\"text-align: justify;\"><span style=\"color: #333333;\">Les\u00a0enjeux li\u00e9s \u00e0 la question des prisonniers et de leur r\u00f4le dans un processus de paix, introduits par Raymond Kendall, ancien directeur d\u2019Interpol, nous ont \u00e9galement donn\u00e9 un \u00e9clairage sur la n\u00e9cessit\u00e9 de protocoles en mati\u00e8re de lib\u00e9ration des prisonniers dans le cadre d\u2019un processus de paix, en s\u2019inspirant de m\u00e9thodes utilis\u00e9es lors d\u2019autres conflits, comme en a t\u00e9moign\u00e9 Gerry Kelly. Gabriel Mouesca a \u00e9tay\u00e9 cette r\u00e9flexion par un t\u00e9moignage concernant les prisonniers politiques basques, et rappelant leur engagement en faveur du processus de paix.<\/span><\/p>\n<p>&nbsp;<\/p>\n\n\t\t<style type=\"text\/css\">\n\t\t\t#gallery-1 {\n\t\t\t\tmargin: auto;\n\t\t\t}\n\t\t\t#gallery-1 .gallery-item {\n\t\t\t\tfloat: left;\n\t\t\t\tmargin-top: 10px;\n\t\t\t\ttext-align: center;\n\t\t\t\twidth: 25%;\n\t\t\t}\n\t\t\t#gallery-1 img {\n\t\t\t\tborder: 2px solid #cfcfcf;\n\t\t\t}\n\t\t\t#gallery-1 .gallery-caption {\n\t\t\t\tmargin-left: 0;\n\t\t\t}\n\t\t\t\/* see gallery_shortcode() in wp-includes\/media.php *\/\n\t\t<\/style>\n\t\t<div id='gallery-1' class='gallery galleryid-1973 gallery-columns-4 gallery-size-medium'><dl class='gallery-item'>\n\t\t\t<dt class='gallery-icon landscape'>\n\t\t\t\t<a href='https:\/\/www.bakebidea.com\/wp-content\/uploads\/2016\/04\/IMG_7130-2-e1472479700333.jpg'><img loading=\"lazy\" decoding=\"async\" width=\"300\" height=\"200\" src=\"https:\/\/www.bakebidea.com\/wp-content\/uploads\/2016\/04\/IMG_7130-2-300x200.jpg\" class=\"attachment-medium size-medium\" alt=\"\" srcset=\"https:\/\/www.bakebidea.com\/wp-content\/uploads\/2016\/04\/IMG_7130-2-300x200.jpg 300w, https:\/\/www.bakebidea.com\/wp-content\/uploads\/2016\/04\/IMG_7130-2-768x512.jpg 768w, https:\/\/www.bakebidea.com\/wp-content\/uploads\/2016\/04\/IMG_7130-2-1024x683.jpg 1024w, https:\/\/www.bakebidea.com\/wp-content\/uploads\/2016\/04\/IMG_7130-2-e1472479700333.jpg 1200w\" sizes=\"(max-width: 300px) 100vw, 300px\" \/><\/a>\n\t\t\t<\/dt><\/dl><dl class='gallery-item'>\n\t\t\t<dt class='gallery-icon landscape'>\n\t\t\t\t<a href='https:\/\/www.bakebidea.com\/wp-content\/uploads\/2015\/04\/18914_787334908048846_4089411718382369130_n-e1471961213133.jpg'><img loading=\"lazy\" decoding=\"async\" width=\"300\" height=\"200\" src=\"https:\/\/www.bakebidea.com\/wp-content\/uploads\/2015\/04\/18914_787334908048846_4089411718382369130_n-e1471961213133-300x200.jpg\" class=\"attachment-medium size-medium\" alt=\"\" srcset=\"https:\/\/www.bakebidea.com\/wp-content\/uploads\/2015\/04\/18914_787334908048846_4089411718382369130_n-e1471961213133-300x200.jpg 300w, https:\/\/www.bakebidea.com\/wp-content\/uploads\/2015\/04\/18914_787334908048846_4089411718382369130_n-e1471961213133-768x511.jpg 768w, https:\/\/www.bakebidea.com\/wp-content\/uploads\/2015\/04\/18914_787334908048846_4089411718382369130_n-e1471961213133.jpg 960w\" sizes=\"(max-width: 300px) 100vw, 300px\" \/><\/a>\n\t\t\t<\/dt><\/dl><dl class='gallery-item'>\n\t\t\t<dt class='gallery-icon landscape'>\n\t\t\t\t<a href='https:\/\/www.bakebidea.com\/wp-content\/uploads\/2015\/06\/Conf\u00e9rence-humanitaire-pour-la-paix-au-Pays-Basque-Paris-11-06-2015-10.jpg'><img loading=\"lazy\" decoding=\"async\" width=\"300\" height=\"200\" src=\"https:\/\/www.bakebidea.com\/wp-content\/uploads\/2015\/06\/Conf\u00e9rence-humanitaire-pour-la-paix-au-Pays-Basque-Paris-11-06-2015-10-300x200.jpg\" class=\"attachment-medium size-medium\" alt=\"\" srcset=\"https:\/\/www.bakebidea.com\/wp-content\/uploads\/2015\/06\/Conf\u00e9rence-humanitaire-pour-la-paix-au-Pays-Basque-Paris-11-06-2015-10-300x200.jpg 300w, https:\/\/www.bakebidea.com\/wp-content\/uploads\/2015\/06\/Conf\u00e9rence-humanitaire-pour-la-paix-au-Pays-Basque-Paris-11-06-2015-10-1024x682.jpg 1024w\" sizes=\"(max-width: 300px) 100vw, 300px\" \/><\/a>\n\t\t\t<\/dt><\/dl><dl class='gallery-item'>\n\t\t\t<dt class='gallery-icon landscape'>\n\t\t\t\t<a href='https:\/\/www.bakebidea.com\/wp-content\/uploads\/2015\/06\/IMG_6605-e1472631094738.jpg'><img loading=\"lazy\" decoding=\"async\" width=\"300\" height=\"200\" src=\"https:\/\/www.bakebidea.com\/wp-content\/uploads\/2015\/06\/IMG_6605-300x200.jpg\" class=\"attachment-medium size-medium\" alt=\"\" srcset=\"https:\/\/www.bakebidea.com\/wp-content\/uploads\/2015\/06\/IMG_6605-300x200.jpg 300w, https:\/\/www.bakebidea.com\/wp-content\/uploads\/2015\/06\/IMG_6605-1024x683.jpg 1024w, https:\/\/www.bakebidea.com\/wp-content\/uploads\/2015\/06\/IMG_6605-e1472631094738.jpg 1200w\" sizes=\"(max-width: 300px) 100vw, 300px\" \/><\/a>\n\t\t\t<\/dt><\/dl><br style=\"clear: both\" \/>\n\t\t<\/div>\n\n<p>&nbsp;<\/p>\n<h1><span style=\"color: #ffffff;\">\u00a0<\/span><\/h1>\n<p style=\"text-align: justify;\"><span style=\"color: #333333;\">Enfin, Michel Tubiana, pr\u00e9sident d\u2019honneur de la LDH, a pr\u00e9sent\u00e9 une synth\u00e8se de cette matin\u00e9e enrichissante, et Serge Portelli a lu publiquement le manifeste<span style=\"color: #fda533;\"> <a style=\"color: #fda533;\" href=\"https:\/\/www.bakebidea.com\/wp-content\/uploads\/2016\/04\/Declaration-Paris-pour-la-paix.pdf\">\u00ab\u00a0Paris pour la paix au Pays Basque\u00a0\u00bb<\/a> <\/span>adress\u00e9 aux Etats fran\u00e7ais et espagnol et au groupe arm\u00e9 ETA, et sign\u00e9 par plus de<span style=\"color: #fda533;\"> <a style=\"color: #fda533;\" href=\"https:\/\/www.bakebidea.com\/wp-content\/uploads\/2016\/04\/Signataires-Paris-pour-la-paix.pdf\">cent-dix personnalit\u00e9s\u00a0hexagonales.<\/a><\/span><\/span><\/p>\n<p style=\"text-align: justify;\"><span style=\"color: #333333;\">Ce 11 juin 2015 marque un appel commun de la soci\u00e9t\u00e9 civile du Pays Basque et hexagonale adress\u00e9 \u00e0 l\u2019Etat fran\u00e7ais pour qu&rsquo;il s\u2019engage dans un processus de paix et qu&rsquo;il fasse notamment avancer la question des cons\u00e9quences du conflit. <\/span><\/p>\n<h1><span style=\"color: #ffffff;\">\u00a0<\/span><\/h1>\n\n\t\t<style type=\"text\/css\">\n\t\t\t#gallery-2 {\n\t\t\t\tmargin: auto;\n\t\t\t}\n\t\t\t#gallery-2 .gallery-item {\n\t\t\t\tfloat: left;\n\t\t\t\tmargin-top: 10px;\n\t\t\t\ttext-align: center;\n\t\t\t\twidth: 33%;\n\t\t\t}\n\t\t\t#gallery-2 img {\n\t\t\t\tborder: 2px solid #cfcfcf;\n\t\t\t}\n\t\t\t#gallery-2 .gallery-caption {\n\t\t\t\tmargin-left: 0;\n\t\t\t}\n\t\t\t\/* see gallery_shortcode() in wp-includes\/media.php *\/\n\t\t<\/style>\n\t\t<div id='gallery-2' class='gallery galleryid-1973 gallery-columns-3 gallery-size-medium'><dl class='gallery-item'>\n\t\t\t<dt class='gallery-icon landscape'>\n\t\t\t\t<a href='https:\/\/www.bakebidea.com\/wp-content\/uploads\/2016\/04\/IMG_7310-e1472479718190.jpg'><img loading=\"lazy\" decoding=\"async\" width=\"300\" height=\"200\" src=\"https:\/\/www.bakebidea.com\/wp-content\/uploads\/2016\/04\/IMG_7310-300x200.jpg\" class=\"attachment-medium size-medium\" alt=\"\" srcset=\"https:\/\/www.bakebidea.com\/wp-content\/uploads\/2016\/04\/IMG_7310-300x200.jpg 300w, https:\/\/www.bakebidea.com\/wp-content\/uploads\/2016\/04\/IMG_7310-768x512.jpg 768w, https:\/\/www.bakebidea.com\/wp-content\/uploads\/2016\/04\/IMG_7310-1024x683.jpg 1024w, https:\/\/www.bakebidea.com\/wp-content\/uploads\/2016\/04\/IMG_7310-e1472479718190.jpg 1200w\" sizes=\"(max-width: 300px) 100vw, 300px\" \/><\/a>\n\t\t\t<\/dt><\/dl><dl class='gallery-item'>\n\t\t\t<dt class='gallery-icon portrait'>\n\t\t\t\t<a href='https:\/\/www.bakebidea.com\/wp-content\/uploads\/2016\/04\/IMG_7299-e1472479747468.jpg'><img loading=\"lazy\" decoding=\"async\" width=\"200\" height=\"300\" src=\"https:\/\/www.bakebidea.com\/wp-content\/uploads\/2016\/04\/IMG_7299-200x300.jpg\" class=\"attachment-medium size-medium\" alt=\"\" srcset=\"https:\/\/www.bakebidea.com\/wp-content\/uploads\/2016\/04\/IMG_7299-200x300.jpg 200w, https:\/\/www.bakebidea.com\/wp-content\/uploads\/2016\/04\/IMG_7299-768x1152.jpg 768w, https:\/\/www.bakebidea.com\/wp-content\/uploads\/2016\/04\/IMG_7299-683x1024.jpg 683w, https:\/\/www.bakebidea.com\/wp-content\/uploads\/2016\/04\/IMG_7299-e1472479747468.jpg 800w\" sizes=\"(max-width: 200px) 100vw, 200px\" \/><\/a>\n\t\t\t<\/dt><\/dl><dl class='gallery-item'>\n\t\t\t<dt class='gallery-icon landscape'>\n\t\t\t\t<a href='https:\/\/www.bakebidea.com\/wp-content\/uploads\/2016\/04\/IMG_7300-e1472479731483.jpg'><img loading=\"lazy\" decoding=\"async\" width=\"300\" height=\"200\" src=\"https:\/\/www.bakebidea.com\/wp-content\/uploads\/2016\/04\/IMG_7300-300x200.jpg\" class=\"attachment-medium size-medium\" alt=\"\" srcset=\"https:\/\/www.bakebidea.com\/wp-content\/uploads\/2016\/04\/IMG_7300-300x200.jpg 300w, https:\/\/www.bakebidea.com\/wp-content\/uploads\/2016\/04\/IMG_7300-768x512.jpg 768w, https:\/\/www.bakebidea.com\/wp-content\/uploads\/2016\/04\/IMG_7300-1024x683.jpg 1024w, https:\/\/www.bakebidea.com\/wp-content\/uploads\/2016\/04\/IMG_7300-e1472479731483.jpg 1200w\" sizes=\"(max-width: 300px) 100vw, 300px\" \/><\/a>\n\t\t\t<\/dt><\/dl><br style=\"clear: both\" \/>\n\t\t<\/div>\n\n<p style=\"text-align: justify;\"><span style=\"color: #333333;\">\u00a0<\/span><\/p>\n<p>&nbsp;<\/p>\n<p><img loading=\"lazy\" decoding=\"async\" class=\"wp-image-2512 size-medium alignleft\" src=\"https:\/\/www.bakebidea.com\/wp-content\/uploads\/2015\/12\/IMG_0287-1-300x225.jpg\" alt=\"IMG_0287\" width=\"300\" height=\"225\" \/><\/p>\n<blockquote>\n<h4 style=\"text-align: justify;\"><span style=\"color: #333333;\">\u00a0\u00a0\u00a0\u00a0\u00a0 <span style=\"color: #ffffff;\">Une<\/span><span style=\"color: #eba823;\"><a style=\"color: #eba823;\" href=\"https:\/\/www.bakebidea.com\/wp-content\/uploads\/2016\/04\/Synth\u00e8se-Conf\u00e9rence-paix-Pays-Basque-\u00e0-Paris.pdf\"><span style=\"color: #fda533;\"> synth\u00e8s<\/span>e <\/a><\/span><span style=\"color: #ffffff;\">des contenus de la conf\u00e9rence avaient ensuite \u00e9t\u00e9 r\u00e9dig\u00e9e puis pr\u00e9sent\u00e9e \u00e0 Bayonne \u00e0 ceux et celles qui n&rsquo;avaient pas pu particip\u00e9 \u00e0 la conf\u00e9rence \u00e0 Paris.<\/span><\/span><\/h4>\n<\/blockquote>\n","protected":false},"excerpt":{"rendered":"<p>Conf\u00e9rence humanitaire pour la paix au Pays Basque 2015 &#8211; Paris &nbsp; \u00a0Co-organis\u00e9e avec le GIC, la Fondation Berghof, Conciliation Resources, la Ligue des Droits de l&rsquo;Homme et El foro social por la paz &nbsp; &nbsp; La Conf\u00e9rence humanitaire pour la paix au Pays Basque s&rsquo;est d\u00e9roul\u00e9e le 11 juin&#8230;<\/p>\n","protected":false},"author":1,"featured_media":0,"parent":0,"menu_order":0,"comment_status":"closed","ping_status":"open","template":"","meta":{"footnotes":""},"_links":{"self":[{"href":"https:\/\/www.bakebidea.com\/index.php?rest_route=\/wp\/v2\/pages\/1973"}],"collection":[{"href":"https:\/\/www.bakebidea.com\/index.php?rest_route=\/wp\/v2\/pages"}],"about":[{"href":"https:\/\/www.bakebidea.com\/index.php?rest_route=\/wp\/v2\/types\/page"}],"author":[{"embeddable":true,"href":"https:\/\/www.bakebidea.com\/index.php?rest_route=\/wp\/v2\/users\/1"}],"replies":[{"embeddable":true,"href":"https:\/\/www.bakebidea.com\/index.php?rest_route=%2Fwp%2Fv2%2Fcomments&post=1973"}],"version-history":[{"count":10,"href":"https:\/\/www.bakebidea.com\/index.php?rest_route=\/wp\/v2\/pages\/1973\/revisions"}],"predecessor-version":[{"id":4420,"href":"https:\/\/www.bakebidea.com\/index.php?rest_route=\/wp\/v2\/pages\/1973\/revisions\/4420"}],"wp:attachment":[{"href":"https:\/\/www.bakebidea.com\/index.php?rest_route=%2Fwp%2Fv2%2Fmedia&parent=1973"}],"curies":[{"name":"wp","href":"https:\/\/api.w.org\/{rel}","templated":true}]}}